{"id":11306,"date":"2024-06-27T21:56:51","date_gmt":"2024-06-27T19:56:51","guid":{"rendered":"https:\/\/zielone-migdaly.pl\/?post_type=product&#038;p=11306"},"modified":"2025-02-10T21:41:58","modified_gmt":"2025-02-10T20:41:58","slug":"ceramiczny-zestaw-do-napojow","status":"publish","type":"product","link":"https:\/\/zielone-migdaly.pl\/index.php\/produkt\/ceramiczny-zestaw-do-napojow\/","title":{"rendered":"Ceramiczny zestaw do napoj\u00f3w"},"content":{"rendered":"<p>Ceramiczny zestaw do napoj\u00f3w sk\u0142adaj\u0105cy si\u0119 z dzbanka i trzech kubeczk\u00f3w. Ceramika w kolorze kremowym i zielonym, z motywami ro\u015blinnymi.<\/p>\n<p><span data-sheets-root=\"1\" data-sheets-value=\"{&quot;1&quot;:2,&quot;2&quot;:&quot;Wysoko\u015b\u0107 dzbanka 16,5cm, wysoko\u015b\u0107 kubeczk\u00f3w 6,5cm, \u015brednica na g\u00f3rze 5,5cm. Stan bardzo dobry, niewielkie zabrudzenia wewn\u0105trz dzbanka. &quot;}\" data-sheets-userformat=\"{&quot;2&quot;:12803,&quot;3&quot;:{&quot;1&quot;:0},&quot;4&quot;:{&quot;1&quot;:3,&quot;3&quot;:2},&quot;12&quot;:0,&quot;15&quot;:&quot;Arial&quot;,&quot;16&quot;:10}\">Wysoko\u015b\u0107 dzbanka 16,5cm, wysoko\u015b\u0107 kubeczk\u00f3w 6,5cm, \u015brednica na g\u00f3rze 5,5cm. <\/span><\/p>\n<p><span data-sheets-root=\"1\" data-sheets-value=\"{&quot;1&quot;:2,&quot;2&quot;:&quot;Wysoko\u015b\u0107 dzbanka 16,5cm, wysoko\u015b\u0107 kubeczk\u00f3w 6,5cm, \u015brednica na g\u00f3rze 5,5cm. Stan bardzo dobry, niewielkie zabrudzenia wewn\u0105trz dzbanka. &quot;}\" data-sheets-userformat=\"{&quot;2&quot;:12803,&quot;3&quot;:{&quot;1&quot;:0},&quot;4&quot;:{&quot;1&quot;:3,&quot;3&quot;:2},&quot;12&quot;:0,&quot;15&quot;:&quot;Arial&quot;,&quot;16&quot;:10}\">Stan bardzo dobry, niewielkie zabrudzenia wewn\u0105trz dzbanka. <\/span><\/p>\n","protected":false},"excerpt":{"rendered":"<p>Ceramiczny zestaw do napoj\u00f3w sk\u0142adaj\u0105cy si\u0119 z dzbanka i trzech kubeczk\u00f3w. Ceramika w kolorze kremowym i zielonym, z motywami ro\u015blinnymi. Wysoko\u015b\u0107 dzbanka 16,5cm, wysoko\u015b\u0107 kubeczk\u00f3w 6,5cm, \u015brednica na g\u00f3rze 5,5cm. Stan bardzo dobry, niewielkie zabrudzenia wewn\u0105trz dzbanka.<\/p>\n","protected":false},"featured_media":11293,"template":"","meta":[],"product_cat":[52],"product_tag":[73,69,497,867,868,101,102,179],"yoast_head":"<!-- This site is optimized with the Yoast SEO plugin v23.0 - https:\/\/yoast.com\/wordpress\/plugins\/seo\/ -->\n<title>Ceramiczny zestaw do napoj\u00f3w - Zielone Migda\u0142y<\/title>\n<meta name=\"description\" content=\"Ceramiczny zestaw do napoj\u00f3w sk\u0142adaj\u0105cy si\u0119 z dzbanka i trzech kubeczk\u00f3w. Ceramika w kolorze kremowym i zielonym, z motywami ro\u015blinnymi.\u00a0\" \/>\n<meta name=\"robots\" content=\"index, follow, max-snippet:-1, max-image-preview:large, max-video-preview:-1\" \/>\n<link rel=\"canonical\" href=\"https:\/\/zielone-migdaly.pl\/index.php\/produkt\/ceramiczny-zestaw-do-napojow\/\" \/>\n<meta property=\"og:locale\" content=\"pl_PL\" \/>\n<meta property=\"og:type\" content=\"article\" \/>\n<meta property=\"og:title\" content=\"Ceramiczny zestaw do napoj\u00f3w - Zielone Migda\u0142y\" \/>\n<meta property=\"og:description\" content=\"Ceramiczny zestaw do napoj\u00f3w sk\u0142adaj\u0105cy si\u0119 z dzbanka i trzech kubeczk\u00f3w. Ceramika w kolorze kremowym i zielonym, z motywami ro\u015blinnymi.\u00a0\" \/>\n<meta property=\"og:url\" content=\"https:\/\/zielone-migdaly.pl\/index.php\/produkt\/ceramiczny-zestaw-do-napojow\/\" \/>\n<meta property=\"og:site_name\" content=\"Zielone Migda\u0142y\" \/>\n<meta property=\"article:publisher\" content=\"https:\/\/www.facebook.com\/lubiezielonemigdaly\" \/>\n<meta property=\"article:modified_time\" content=\"2025-02-10T20:41:58+00:00\" \/>\n<meta property=\"og:image\" content=\"https:\/\/zielone-migdaly.pl\/wp-content\/uploads\/2024\/06\/zielone-migdaly-tt270.jpg\" \/>\n\t<meta property=\"og:image:width\" content=\"500\" \/>\n\t<meta property=\"og:image:height\" content=\"750\" \/>\n\t<meta property=\"og:image:type\" content=\"image\/jpeg\" \/>\n<meta name=\"twitter:card\" content=\"summary_large_image\" \/>\n<script type=\"application\/ld+json\" class=\"yoast-schema-graph\">{\"@context\":\"https:\/\/schema.org\",\"@graph\":[{\"@type\":\"WebPage\",\"@id\":\"https:\/\/zielone-migdaly.pl\/index.php\/produkt\/ceramiczny-zestaw-do-napojow\/\",\"url\":\"https:\/\/zielone-migdaly.pl\/index.php\/produkt\/ceramiczny-zestaw-do-napojow\/\",\"name\":\"Ceramiczny zestaw do napoj\u00f3w - Zielone Migda\u0142y\",\"isPartOf\":{\"@id\":\"https:\/\/zielone-migdaly.pl\/#website\"},\"primaryImageOfPage\":{\"@id\":\"https:\/\/zielone-migdaly.pl\/index.php\/produkt\/ceramiczny-zestaw-do-napojow\/#primaryimage\"},\"image\":{\"@id\":\"https:\/\/zielone-migdaly.pl\/index.php\/produkt\/ceramiczny-zestaw-do-napojow\/#primaryimage\"},\"thumbnailUrl\":\"https:\/\/zielone-migdaly.pl\/wp-content\/uploads\/2024\/06\/zielone-migdaly-tt270.jpg\",\"datePublished\":\"2024-06-27T19:56:51+00:00\",\"dateModified\":\"2025-02-10T20:41:58+00:00\",\"description\":\"Ceramiczny zestaw do napoj\u00f3w sk\u0142adaj\u0105cy si\u0119 z dzbanka i trzech kubeczk\u00f3w. Ceramika w kolorze kremowym i zielonym, z motywami ro\u015blinnymi.\u00a0\",\"breadcrumb\":{\"@id\":\"https:\/\/zielone-migdaly.pl\/index.php\/produkt\/ceramiczny-zestaw-do-napojow\/#breadcrumb\"},\"inLanguage\":\"pl-PL\",\"potentialAction\":[{\"@type\":\"ReadAction\",\"target\":[\"https:\/\/zielone-migdaly.pl\/index.php\/produkt\/ceramiczny-zestaw-do-napojow\/\"]}]},{\"@type\":\"ImageObject\",\"inLanguage\":\"pl-PL\",\"@id\":\"https:\/\/zielone-migdaly.pl\/index.php\/produkt\/ceramiczny-zestaw-do-napojow\/#primaryimage\",\"url\":\"https:\/\/zielone-migdaly.pl\/wp-content\/uploads\/2024\/06\/zielone-migdaly-tt270.jpg\",\"contentUrl\":\"https:\/\/zielone-migdaly.pl\/wp-content\/uploads\/2024\/06\/zielone-migdaly-tt270.jpg\",\"width\":500,\"height\":750},{\"@type\":\"BreadcrumbList\",\"@id\":\"https:\/\/zielone-migdaly.pl\/index.php\/produkt\/ceramiczny-zestaw-do-napojow\/#breadcrumb\",\"itemListElement\":[{\"@type\":\"ListItem\",\"position\":1,\"name\":\"Strona g\u0142\u00f3wna\",\"item\":\"https:\/\/zielone-migdaly.pl\/\"},{\"@type\":\"ListItem\",\"position\":2,\"name\":\"Sklep\",\"item\":\"https:\/\/zielone-migdaly.pl\/index.php\/sklep\/\"},{\"@type\":\"ListItem\",\"position\":3,\"name\":\"Ceramiczny zestaw do napoj\u00f3w\"}]},{\"@type\":\"WebSite\",\"@id\":\"https:\/\/zielone-migdaly.pl\/#website\",\"url\":\"https:\/\/zielone-migdaly.pl\/\",\"name\":\"Zielone Migda\u0142y\",\"description\":\"Sklep Vintage\",\"publisher\":{\"@id\":\"https:\/\/zielone-migdaly.pl\/#organization\"},\"potentialAction\":[{\"@type\":\"SearchAction\",\"target\":{\"@type\":\"EntryPoint\",\"urlTemplate\":\"https:\/\/zielone-migdaly.pl\/?s={search_term_string}\"},\"query-input\":\"required name=search_term_string\"}],\"inLanguage\":\"pl-PL\"},{\"@type\":\"Organization\",\"@id\":\"https:\/\/zielone-migdaly.pl\/#organization\",\"name\":\"Zielone Migda\u0142y\",\"url\":\"https:\/\/zielone-migdaly.pl\/\",\"logo\":{\"@type\":\"ImageObject\",\"inLanguage\":\"pl-PL\",\"@id\":\"https:\/\/zielone-migdaly.pl\/#\/schema\/logo\/image\/\",\"url\":\"https:\/\/zielone-migdaly.pl\/wp-content\/uploads\/2021\/11\/Zielone-Migdaly-Logo-WEB-2.png\",\"contentUrl\":\"https:\/\/zielone-migdaly.pl\/wp-content\/uploads\/2021\/11\/Zielone-Migdaly-Logo-WEB-2.png\",\"width\":500,\"height\":190,\"caption\":\"Zielone Migda\u0142y\"},\"image\":{\"@id\":\"https:\/\/zielone-migdaly.pl\/#\/schema\/logo\/image\/\"},\"sameAs\":[\"https:\/\/www.facebook.com\/lubiezielonemigdaly\",\"https:\/\/www.instagram.com\/lubie_zielone_migdaly\/\"]}]}<\/script>\n<!-- \/ Yoast SEO plugin. -->","yoast_head_json":{"title":"Ceramiczny zestaw do napoj\u00f3w - Zielone Migda\u0142y","description":"Ceramiczny zestaw do napoj\u00f3w sk\u0142adaj\u0105cy si\u0119 z dzbanka i trzech kubeczk\u00f3w. Ceramika w kolorze kremowym i zielonym, z motywami ro\u015blinnymi.\u00a0","robots":{"index":"index","follow":"follow","max-snippet":"max-snippet:-1","max-image-preview":"max-image-preview:large","max-video-preview":"max-video-preview:-1"},"canonical":"https:\/\/zielone-migdaly.pl\/index.php\/produkt\/ceramiczny-zestaw-do-napojow\/","og_locale":"pl_PL","og_type":"article","og_title":"Ceramiczny zestaw do napoj\u00f3w - Zielone Migda\u0142y","og_description":"Ceramiczny zestaw do napoj\u00f3w sk\u0142adaj\u0105cy si\u0119 z dzbanka i trzech kubeczk\u00f3w. Ceramika w kolorze kremowym i zielonym, z motywami ro\u015blinnymi.\u00a0","og_url":"https:\/\/zielone-migdaly.pl\/index.php\/produkt\/ceramiczny-zestaw-do-napojow\/","og_site_name":"Zielone Migda\u0142y","article_publisher":"https:\/\/www.facebook.com\/lubiezielonemigdaly","article_modified_time":"2025-02-10T20:41:58+00:00","og_image":[{"width":500,"height":750,"url":"https:\/\/zielone-migdaly.pl\/wp-content\/uploads\/2024\/06\/zielone-migdaly-tt270.jpg","type":"image\/jpeg"}],"twitter_card":"summary_large_image","schema":{"@context":"https:\/\/schema.org","@graph":[{"@type":"WebPage","@id":"https:\/\/zielone-migdaly.pl\/index.php\/produkt\/ceramiczny-zestaw-do-napojow\/","url":"https:\/\/zielone-migdaly.pl\/index.php\/produkt\/ceramiczny-zestaw-do-napojow\/","name":"Ceramiczny zestaw do napoj\u00f3w - Zielone Migda\u0142y","isPartOf":{"@id":"https:\/\/zielone-migdaly.pl\/#website"},"primaryImageOfPage":{"@id":"https:\/\/zielone-migdaly.pl\/index.php\/produkt\/ceramiczny-zestaw-do-napojow\/#primaryimage"},"image":{"@id":"https:\/\/zielone-migdaly.pl\/index.php\/produkt\/ceramiczny-zestaw-do-napojow\/#primaryimage"},"thumbnailUrl":"https:\/\/zielone-migdaly.pl\/wp-content\/uploads\/2024\/06\/zielone-migdaly-tt270.jpg","datePublished":"2024-06-27T19:56:51+00:00","dateModified":"2025-02-10T20:41:58+00:00","description":"Ceramiczny zestaw do napoj\u00f3w sk\u0142adaj\u0105cy si\u0119 z dzbanka i trzech kubeczk\u00f3w. Ceramika w kolorze kremowym i zielonym, z motywami ro\u015blinnymi.\u00a0","breadcrumb":{"@id":"https:\/\/zielone-migdaly.pl\/index.php\/produkt\/ceramiczny-zestaw-do-napojow\/#breadcrumb"},"inLanguage":"pl-PL","potentialAction":[{"@type":"ReadAction","target":["https:\/\/zielone-migdaly.pl\/index.php\/produkt\/ceramiczny-zestaw-do-napojow\/"]}]},{"@type":"ImageObject","inLanguage":"pl-PL","@id":"https:\/\/zielone-migdaly.pl\/index.php\/produkt\/ceramiczny-zestaw-do-napojow\/#primaryimage","url":"https:\/\/zielone-migdaly.pl\/wp-content\/uploads\/2024\/06\/zielone-migdaly-tt270.jpg","contentUrl":"https:\/\/zielone-migdaly.pl\/wp-content\/uploads\/2024\/06\/zielone-migdaly-tt270.jpg","width":500,"height":750},{"@type":"BreadcrumbList","@id":"https:\/\/zielone-migdaly.pl\/index.php\/produkt\/ceramiczny-zestaw-do-napojow\/#breadcrumb","itemListElement":[{"@type":"ListItem","position":1,"name":"Strona g\u0142\u00f3wna","item":"https:\/\/zielone-migdaly.pl\/"},{"@type":"ListItem","position":2,"name":"Sklep","item":"https:\/\/zielone-migdaly.pl\/index.php\/sklep\/"},{"@type":"ListItem","position":3,"name":"Ceramiczny zestaw do napoj\u00f3w"}]},{"@type":"WebSite","@id":"https:\/\/zielone-migdaly.pl\/#website","url":"https:\/\/zielone-migdaly.pl\/","name":"Zielone Migda\u0142y","description":"Sklep Vintage","publisher":{"@id":"https:\/\/zielone-migdaly.pl\/#organization"},"potentialAction":[{"@type":"SearchAction","target":{"@type":"EntryPoint","urlTemplate":"https:\/\/zielone-migdaly.pl\/?s={search_term_string}"},"query-input":"required name=search_term_string"}],"inLanguage":"pl-PL"},{"@type":"Organization","@id":"https:\/\/zielone-migdaly.pl\/#organization","name":"Zielone Migda\u0142y","url":"https:\/\/zielone-migdaly.pl\/","logo":{"@type":"ImageObject","inLanguage":"pl-PL","@id":"https:\/\/zielone-migdaly.pl\/#\/schema\/logo\/image\/","url":"https:\/\/zielone-migdaly.pl\/wp-content\/uploads\/2021\/11\/Zielone-Migdaly-Logo-WEB-2.png","contentUrl":"https:\/\/zielone-migdaly.pl\/wp-content\/uploads\/2021\/11\/Zielone-Migdaly-Logo-WEB-2.png","width":500,"height":190,"caption":"Zielone Migda\u0142y"},"image":{"@id":"https:\/\/zielone-migdaly.pl\/#\/schema\/logo\/image\/"},"sameAs":["https:\/\/www.facebook.com\/lubiezielonemigdaly","https:\/\/www.instagram.com\/lubie_zielone_migdaly\/"]}]}},"_links":{"self":[{"href":"https:\/\/zielone-migdaly.pl\/index.php\/wp-json\/wp\/v2\/product\/11306"}],"collection":[{"href":"https:\/\/zielone-migdaly.pl\/index.php\/wp-json\/wp\/v2\/product"}],"about":[{"href":"https:\/\/zielone-migdaly.pl\/index.php\/wp-json\/wp\/v2\/types\/product"}],"wp:featuredmedia":[{"embeddable":true,"href":"https:\/\/zielone-migdaly.pl\/index.php\/wp-json\/wp\/v2\/media\/11293"}],"wp:attachment":[{"href":"https:\/\/zielone-migdaly.pl\/index.php\/wp-json\/wp\/v2\/media?parent=11306"}],"wp:term":[{"taxonomy":"product_cat","embeddable":true,"href":"https:\/\/zielone-migdaly.pl\/index.php\/wp-json\/wp\/v2\/product_cat?post=11306"},{"taxonomy":"product_tag","embeddable":true,"href":"https:\/\/zielone-migdaly.pl\/index.php\/wp-json\/wp\/v2\/product_tag?post=11306"}],"curies":[{"name":"wp","href":"https:\/\/api.w.org\/{rel}","templated":true}]}}