{"id":15759,"date":"2025-03-13T20:05:28","date_gmt":"2025-03-13T19:05:28","guid":{"rendered":"https:\/\/zielone-migdaly.pl\/?post_type=product&#038;p=15759"},"modified":"2025-03-13T20:05:29","modified_gmt":"2025-03-13T19:05:29","slug":"zolta-szklana-misa","status":"publish","type":"product","link":"https:\/\/zielone-migdaly.pl\/index.php\/produkt\/zolta-szklana-misa\/","title":{"rendered":"\u017b\u00f3\u0142ta szklana misa"},"content":{"rendered":"<p>\u017b\u00f3\u0142ta szklana misa, wykonana ze szk\u0142a prasowanego, barwionego w masie.<\/p>\n<p><span data-sheets-root=\"1\">\u015arednica 26,5cm, wysoko\u015b\u0107 8cm. <\/span><\/p>\n<p><span data-sheets-root=\"1\">Stan bardzo dobry, wady z produkcji, zatopione b\u0105belki powietrza. Na wewn\u0119trznej kraw\u0119dzi jeden ma\u0142y ubytek. <\/span><\/p>\n","protected":false},"excerpt":{"rendered":"<p>\u017b\u00f3\u0142ta szklana misa, wykonana ze szk\u0142a prasowanego, barwionego w masie. \u015arednica 26,5cm, wysoko\u015b\u0107 8cm. Stan bardzo dobry, wady z produkcji, zatopione b\u0105belki powietrza. Na wewn\u0119trznej kraw\u0119dzi jeden ma\u0142y ubytek.<\/p>\n","protected":false},"featured_media":15705,"template":"","meta":[],"product_cat":[53],"product_tag":[299,431,238,56,100],"yoast_head":"<!-- This site is optimized with the Yoast SEO plugin v23.0 - https:\/\/yoast.com\/wordpress\/plugins\/seo\/ -->\n<title>\u017b\u00f3\u0142ta szklana misa - Zielone Migda\u0142y<\/title>\n<meta name=\"description\" content=\"\u017b\u00f3\u0142ta szklana misa, wykonana ze szk\u0142a prasowanego, barwionego w masie.\u00a0\u015arednica 26,5cm, wysoko\u015b\u0107 8cm. Stan bardzo dobry, wady z produkcji...\" \/>\n<meta name=\"robots\" content=\"index, follow, max-snippet:-1, max-image-preview:large, max-video-preview:-1\" \/>\n<link rel=\"canonical\" href=\"https:\/\/zielone-migdaly.pl\/index.php\/produkt\/zolta-szklana-misa\/\" \/>\n<meta property=\"og:locale\" content=\"pl_PL\" \/>\n<meta property=\"og:type\" content=\"article\" \/>\n<meta property=\"og:title\" content=\"\u017b\u00f3\u0142ta szklana misa - Zielone Migda\u0142y\" \/>\n<meta property=\"og:description\" content=\"\u017b\u00f3\u0142ta szklana misa, wykonana ze szk\u0142a prasowanego, barwionego w masie.\u00a0\u015arednica 26,5cm, wysoko\u015b\u0107 8cm. Stan bardzo dobry, wady z produkcji...\" \/>\n<meta property=\"og:url\" content=\"https:\/\/zielone-migdaly.pl\/index.php\/produkt\/zolta-szklana-misa\/\" \/>\n<meta property=\"og:site_name\" content=\"Zielone Migda\u0142y\" \/>\n<meta property=\"article:publisher\" content=\"https:\/\/www.facebook.com\/lubiezielonemigdaly\" \/>\n<meta property=\"article:modified_time\" content=\"2025-03-13T19:05:29+00:00\" \/>\n<meta property=\"og:image\" content=\"https:\/\/zielone-migdaly.pl\/wp-content\/uploads\/2025\/03\/zielone-migdaly-02-0632.jpg\" \/>\n\t<meta property=\"og:image:width\" content=\"500\" \/>\n\t<meta property=\"og:image:height\" content=\"750\" \/>\n\t<meta property=\"og:image:type\" content=\"image\/jpeg\" \/>\n<meta name=\"twitter:card\" content=\"summary_large_image\" \/>\n<script type=\"application\/ld+json\" class=\"yoast-schema-graph\">{\"@context\":\"https:\/\/schema.org\",\"@graph\":[{\"@type\":\"WebPage\",\"@id\":\"https:\/\/zielone-migdaly.pl\/index.php\/produkt\/zolta-szklana-misa\/\",\"url\":\"https:\/\/zielone-migdaly.pl\/index.php\/produkt\/zolta-szklana-misa\/\",\"name\":\"\u017b\u00f3\u0142ta szklana misa - Zielone Migda\u0142y\",\"isPartOf\":{\"@id\":\"https:\/\/zielone-migdaly.pl\/#website\"},\"primaryImageOfPage\":{\"@id\":\"https:\/\/zielone-migdaly.pl\/index.php\/produkt\/zolta-szklana-misa\/#primaryimage\"},\"image\":{\"@id\":\"https:\/\/zielone-migdaly.pl\/index.php\/produkt\/zolta-szklana-misa\/#primaryimage\"},\"thumbnailUrl\":\"https:\/\/zielone-migdaly.pl\/wp-content\/uploads\/2025\/03\/zielone-migdaly-02-0632.jpg\",\"datePublished\":\"2025-03-13T19:05:28+00:00\",\"dateModified\":\"2025-03-13T19:05:29+00:00\",\"description\":\"\u017b\u00f3\u0142ta szklana misa, wykonana ze szk\u0142a prasowanego, barwionego w masie.\u00a0\u015arednica 26,5cm, wysoko\u015b\u0107 8cm. Stan bardzo dobry, wady z produkcji...\",\"breadcrumb\":{\"@id\":\"https:\/\/zielone-migdaly.pl\/index.php\/produkt\/zolta-szklana-misa\/#breadcrumb\"},\"inLanguage\":\"pl-PL\",\"potentialAction\":[{\"@type\":\"ReadAction\",\"target\":[\"https:\/\/zielone-migdaly.pl\/index.php\/produkt\/zolta-szklana-misa\/\"]}]},{\"@type\":\"ImageObject\",\"inLanguage\":\"pl-PL\",\"@id\":\"https:\/\/zielone-migdaly.pl\/index.php\/produkt\/zolta-szklana-misa\/#primaryimage\",\"url\":\"https:\/\/zielone-migdaly.pl\/wp-content\/uploads\/2025\/03\/zielone-migdaly-02-0632.jpg\",\"contentUrl\":\"https:\/\/zielone-migdaly.pl\/wp-content\/uploads\/2025\/03\/zielone-migdaly-02-0632.jpg\",\"width\":500,\"height\":750},{\"@type\":\"BreadcrumbList\",\"@id\":\"https:\/\/zielone-migdaly.pl\/index.php\/produkt\/zolta-szklana-misa\/#breadcrumb\",\"itemListElement\":[{\"@type\":\"ListItem\",\"position\":1,\"name\":\"Strona g\u0142\u00f3wna\",\"item\":\"https:\/\/zielone-migdaly.pl\/\"},{\"@type\":\"ListItem\",\"position\":2,\"name\":\"Sklep\",\"item\":\"https:\/\/zielone-migdaly.pl\/index.php\/sklep\/\"},{\"@type\":\"ListItem\",\"position\":3,\"name\":\"\u017b\u00f3\u0142ta szklana misa\"}]},{\"@type\":\"WebSite\",\"@id\":\"https:\/\/zielone-migdaly.pl\/#website\",\"url\":\"https:\/\/zielone-migdaly.pl\/\",\"name\":\"Zielone Migda\u0142y\",\"description\":\"Sklep Vintage\",\"publisher\":{\"@id\":\"https:\/\/zielone-migdaly.pl\/#organization\"},\"potentialAction\":[{\"@type\":\"SearchAction\",\"target\":{\"@type\":\"EntryPoint\",\"urlTemplate\":\"https:\/\/zielone-migdaly.pl\/?s={search_term_string}\"},\"query-input\":\"required name=search_term_string\"}],\"inLanguage\":\"pl-PL\"},{\"@type\":\"Organization\",\"@id\":\"https:\/\/zielone-migdaly.pl\/#organization\",\"name\":\"Zielone Migda\u0142y\",\"url\":\"https:\/\/zielone-migdaly.pl\/\",\"logo\":{\"@type\":\"ImageObject\",\"inLanguage\":\"pl-PL\",\"@id\":\"https:\/\/zielone-migdaly.pl\/#\/schema\/logo\/image\/\",\"url\":\"https:\/\/zielone-migdaly.pl\/wp-content\/uploads\/2021\/11\/Zielone-Migdaly-Logo-WEB-2.png\",\"contentUrl\":\"https:\/\/zielone-migdaly.pl\/wp-content\/uploads\/2021\/11\/Zielone-Migdaly-Logo-WEB-2.png\",\"width\":500,\"height\":190,\"caption\":\"Zielone Migda\u0142y\"},\"image\":{\"@id\":\"https:\/\/zielone-migdaly.pl\/#\/schema\/logo\/image\/\"},\"sameAs\":[\"https:\/\/www.facebook.com\/lubiezielonemigdaly\",\"https:\/\/www.instagram.com\/lubie_zielone_migdaly\/\"]}]}<\/script>\n<!-- \/ Yoast SEO plugin. -->","yoast_head_json":{"title":"\u017b\u00f3\u0142ta szklana misa - Zielone Migda\u0142y","description":"\u017b\u00f3\u0142ta szklana misa, wykonana ze szk\u0142a prasowanego, barwionego w masie.\u00a0\u015arednica 26,5cm, wysoko\u015b\u0107 8cm. Stan bardzo dobry, wady z produkcji...","robots":{"index":"index","follow":"follow","max-snippet":"max-snippet:-1","max-image-preview":"max-image-preview:large","max-video-preview":"max-video-preview:-1"},"canonical":"https:\/\/zielone-migdaly.pl\/index.php\/produkt\/zolta-szklana-misa\/","og_locale":"pl_PL","og_type":"article","og_title":"\u017b\u00f3\u0142ta szklana misa - Zielone Migda\u0142y","og_description":"\u017b\u00f3\u0142ta szklana misa, wykonana ze szk\u0142a prasowanego, barwionego w masie.\u00a0\u015arednica 26,5cm, wysoko\u015b\u0107 8cm. Stan bardzo dobry, wady z produkcji...","og_url":"https:\/\/zielone-migdaly.pl\/index.php\/produkt\/zolta-szklana-misa\/","og_site_name":"Zielone Migda\u0142y","article_publisher":"https:\/\/www.facebook.com\/lubiezielonemigdaly","article_modified_time":"2025-03-13T19:05:29+00:00","og_image":[{"width":500,"height":750,"url":"https:\/\/zielone-migdaly.pl\/wp-content\/uploads\/2025\/03\/zielone-migdaly-02-0632.jpg","type":"image\/jpeg"}],"twitter_card":"summary_large_image","schema":{"@context":"https:\/\/schema.org","@graph":[{"@type":"WebPage","@id":"https:\/\/zielone-migdaly.pl\/index.php\/produkt\/zolta-szklana-misa\/","url":"https:\/\/zielone-migdaly.pl\/index.php\/produkt\/zolta-szklana-misa\/","name":"\u017b\u00f3\u0142ta szklana misa - Zielone Migda\u0142y","isPartOf":{"@id":"https:\/\/zielone-migdaly.pl\/#website"},"primaryImageOfPage":{"@id":"https:\/\/zielone-migdaly.pl\/index.php\/produkt\/zolta-szklana-misa\/#primaryimage"},"image":{"@id":"https:\/\/zielone-migdaly.pl\/index.php\/produkt\/zolta-szklana-misa\/#primaryimage"},"thumbnailUrl":"https:\/\/zielone-migdaly.pl\/wp-content\/uploads\/2025\/03\/zielone-migdaly-02-0632.jpg","datePublished":"2025-03-13T19:05:28+00:00","dateModified":"2025-03-13T19:05:29+00:00","description":"\u017b\u00f3\u0142ta szklana misa, wykonana ze szk\u0142a prasowanego, barwionego w masie.\u00a0\u015arednica 26,5cm, wysoko\u015b\u0107 8cm. Stan bardzo dobry, wady z produkcji...","breadcrumb":{"@id":"https:\/\/zielone-migdaly.pl\/index.php\/produkt\/zolta-szklana-misa\/#breadcrumb"},"inLanguage":"pl-PL","potentialAction":[{"@type":"ReadAction","target":["https:\/\/zielone-migdaly.pl\/index.php\/produkt\/zolta-szklana-misa\/"]}]},{"@type":"ImageObject","inLanguage":"pl-PL","@id":"https:\/\/zielone-migdaly.pl\/index.php\/produkt\/zolta-szklana-misa\/#primaryimage","url":"https:\/\/zielone-migdaly.pl\/wp-content\/uploads\/2025\/03\/zielone-migdaly-02-0632.jpg","contentUrl":"https:\/\/zielone-migdaly.pl\/wp-content\/uploads\/2025\/03\/zielone-migdaly-02-0632.jpg","width":500,"height":750},{"@type":"BreadcrumbList","@id":"https:\/\/zielone-migdaly.pl\/index.php\/produkt\/zolta-szklana-misa\/#breadcrumb","itemListElement":[{"@type":"ListItem","position":1,"name":"Strona g\u0142\u00f3wna","item":"https:\/\/zielone-migdaly.pl\/"},{"@type":"ListItem","position":2,"name":"Sklep","item":"https:\/\/zielone-migdaly.pl\/index.php\/sklep\/"},{"@type":"ListItem","position":3,"name":"\u017b\u00f3\u0142ta szklana misa"}]},{"@type":"WebSite","@id":"https:\/\/zielone-migdaly.pl\/#website","url":"https:\/\/zielone-migdaly.pl\/","name":"Zielone Migda\u0142y","description":"Sklep Vintage","publisher":{"@id":"https:\/\/zielone-migdaly.pl\/#organization"},"potentialAction":[{"@type":"SearchAction","target":{"@type":"EntryPoint","urlTemplate":"https:\/\/zielone-migdaly.pl\/?s={search_term_string}"},"query-input":"required name=search_term_string"}],"inLanguage":"pl-PL"},{"@type":"Organization","@id":"https:\/\/zielone-migdaly.pl\/#organization","name":"Zielone Migda\u0142y","url":"https:\/\/zielone-migdaly.pl\/","logo":{"@type":"ImageObject","inLanguage":"pl-PL","@id":"https:\/\/zielone-migdaly.pl\/#\/schema\/logo\/image\/","url":"https:\/\/zielone-migdaly.pl\/wp-content\/uploads\/2021\/11\/Zielone-Migdaly-Logo-WEB-2.png","contentUrl":"https:\/\/zielone-migdaly.pl\/wp-content\/uploads\/2021\/11\/Zielone-Migdaly-Logo-WEB-2.png","width":500,"height":190,"caption":"Zielone Migda\u0142y"},"image":{"@id":"https:\/\/zielone-migdaly.pl\/#\/schema\/logo\/image\/"},"sameAs":["https:\/\/www.facebook.com\/lubiezielonemigdaly","https:\/\/www.instagram.com\/lubie_zielone_migdaly\/"]}]}},"_links":{"self":[{"href":"https:\/\/zielone-migdaly.pl\/index.php\/wp-json\/wp\/v2\/product\/15759"}],"collection":[{"href":"https:\/\/zielone-migdaly.pl\/index.php\/wp-json\/wp\/v2\/product"}],"about":[{"href":"https:\/\/zielone-migdaly.pl\/index.php\/wp-json\/wp\/v2\/types\/product"}],"wp:featuredmedia":[{"embeddable":true,"href":"https:\/\/zielone-migdaly.pl\/index.php\/wp-json\/wp\/v2\/media\/15705"}],"wp:attachment":[{"href":"https:\/\/zielone-migdaly.pl\/index.php\/wp-json\/wp\/v2\/media?parent=15759"}],"wp:term":[{"taxonomy":"product_cat","embeddable":true,"href":"https:\/\/zielone-migdaly.pl\/index.php\/wp-json\/wp\/v2\/product_cat?post=15759"},{"taxonomy":"product_tag","embeddable":true,"href":"https:\/\/zielone-migdaly.pl\/index.php\/wp-json\/wp\/v2\/product_tag?post=15759"}],"curies":[{"name":"wp","href":"https:\/\/api.w.org\/{rel}","templated":true}]}}

Żółta szklana misa

<p>Żółta szklana misa, wykonana ze szkła prasowanego, barwionego w masie.</p>
<p><span data-sheets-root="1">Średnica 26,5cm, wysokość 8cm. </span></p>
<p><span data-sheets-root="1">Stan bardzo dobry, wady z produkcji, zatopione bąbelki powietrza. Na wewnętrznej krawędzi jeden mały ubytek. </span></p>

<p>Żółta szklana misa, wykonana ze szkła prasowanego, barwionego w masie. Średnica 26,5cm, wysokość 8cm. Stan bardzo dobry, wady z produkcji, zatopione bąbelki powietrza. Na wewnętrznej krawędzi jeden mały ubytek.</p>

<!-- This site is optimized with the Yoast SEO plugin v23.0 - https://yoast.com/wordpress/plugins/seo/ -->
<title>Żółta szklana misa - Zielone Migdały</title>
<meta name="description" content="Żółta szklana misa, wykonana ze szkła prasowanego, barwionego w masie. Średnica 26,5cm, wysokość 8cm. Stan bardzo dobry, wady z produkcji..." />
<meta name="robots" content="index, follow, max-snippet:-1, max-image-preview:large, max-video-preview:-1" />
<link rel="canonical" href="https://zielone-migdaly.pl/index.php/produkt/zolta-szklana-misa/" />
<meta property="og:locale" content="pl_PL" />
<meta property="og:type" content="article" />
<meta property="og:title" content="Żółta szklana misa - Zielone Migdały" />
<meta property="og:description" content="Żółta szklana misa, wykonana ze szkła prasowanego, barwionego w masie. Średnica 26,5cm, wysokość 8cm. Stan bardzo dobry, wady z produkcji..." />
<meta property="og:url" content="https://zielone-migdaly.pl/index.php/produkt/zolta-szklana-misa/" />
<meta property="og:site_name" content="Zielone Migdały" />
<meta property="article:publisher" content="https://www.facebook.com/lubiezielonemigdaly" />
<meta property="article:modified_time" content="2025-03-13T19:05:29+00:00" />
<meta property="og:image" content="https://zielone-migdaly.pl/wp-content/uploads/2025/03/zielone-migdaly-02-0632.jpg" />
	<meta property="og:image:width" content="500" />
	<meta property="og:image:height" content="750" />
	<meta property="og:image:type" content="image/jpeg" />
<meta name="twitter:card" content="summary_large_image" />
<script type="application/ld+json" class="yoast-schema-graph">{"@context":"https://schema.org","@graph":[{"@type":"WebPage","@id":"https://zielone-migdaly.pl/index.php/produkt/zolta-szklana-misa/","url":"https://zielone-migdaly.pl/index.php/produkt/zolta-szklana-misa/","name":"Żółta szklana misa - Zielone Migdały","isPartOf":{"@id":"https://zielone-migdaly.pl/#website"},"primaryImageOfPage":{"@id":"https://zielone-migdaly.pl/index.php/produkt/zolta-szklana-misa/#primaryimage"},"image":{"@id":"https://zielone-migdaly.pl/index.php/produkt/zolta-szklana-misa/#primaryimage"},"thumbnailUrl":"https://zielone-migdaly.pl/wp-content/uploads/2025/03/zielone-migdaly-02-0632.jpg","datePublished":"2025-03-13T19:05:28+00:00","dateModified":"2025-03-13T19:05:29+00:00","description":"Żółta szklana misa, wykonana ze szkła prasowanego, barwionego w masie. Średnica 26,5cm, wysokość 8cm. Stan bardzo dobry, wady z produkcji...","breadcrumb":{"@id":"https://zielone-migdaly.pl/index.php/produkt/zolta-szklana-misa/#breadcrumb"},"inLanguage":"pl-PL","potentialAction":[{"@type":"ReadAction","target":["https://zielone-migdaly.pl/index.php/produkt/zolta-szklana-misa/"]}]},{"@type":"ImageObject","inLanguage":"pl-PL","@id":"https://zielone-migdaly.pl/index.php/produkt/zolta-szklana-misa/#primaryimage","url":"https://zielone-migdaly.pl/wp-content/uploads/2025/03/zielone-migdaly-02-0632.jpg","contentUrl":"https://zielone-migdaly.pl/wp-content/uploads/2025/03/zielone-migdaly-02-0632.jpg","width":500,"height":750},{"@type":"BreadcrumbList","@id":"https://zielone-migdaly.pl/index.php/produkt/zolta-szklana-misa/#breadcrumb","itemListElement":[{"@type":"ListItem","position":1,"name":"Strona główna","item":"https://zielone-migdaly.pl/"},{"@type":"ListItem","position":2,"name":"Sklep","item":"https://zielone-migdaly.pl/index.php/sklep/"},{"@type":"ListItem","position":3,"name":"Żółta szklana misa"}]},{"@type":"WebSite","@id":"https://zielone-migdaly.pl/#website","url":"https://zielone-migdaly.pl/","name":"Zielone Migdały","description":"Sklep Vintage","publisher":{"@id":"https://zielone-migdaly.pl/#organization"},"potentialAction":[{"@type":"SearchAction","target":{"@type":"EntryPoint","urlTemplate":"https://zielone-migdaly.pl/?s={search_term_string}"},"query-input":"required name=search_term_string"}],"inLanguage":"pl-PL"},{"@type":"Organization","@id":"https://zielone-migdaly.pl/#organization","name":"Zielone Migdały","url":"https://zielone-migdaly.pl/","logo":{"@type":"ImageObject","inLanguage":"pl-PL","@id":"https://zielone-migdaly.pl/#/schema/logo/image/","url":"https://zielone-migdaly.pl/wp-content/uploads/2021/11/Zielone-Migdaly-Logo-WEB-2.png","contentUrl":"https://zielone-migdaly.pl/wp-content/uploads/2021/11/Zielone-Migdaly-Logo-WEB-2.png","width":500,"height":190,"caption":"Zielone Migdały"},"image":{"@id":"https://zielone-migdaly.pl/#/schema/logo/image/"},"sameAs":["https://www.facebook.com/lubiezielonemigdaly","https://www.instagram.com/lubie_zielone_migdaly/"]}]}</script>
<!-- / Yoast SEO plugin. -->

Żółta szklana misa - Zielone Migdały

Żółta szklana misa, wykonana ze szkła prasowanego, barwionego w masie. Średnica 26,5cm, wysokość 8cm. Stan bardzo dobry, wady z produkcji...

Zielone Migdały

Strona główna
