{"id":18336,"date":"2025-07-28T11:59:05","date_gmt":"2025-07-28T09:59:05","guid":{"rendered":"https:\/\/zielone-migdaly.pl\/?post_type=product&#038;p=18336"},"modified":"2025-07-28T11:59:06","modified_gmt":"2025-07-28T09:59:06","slug":"zestaw-sniadaniowy-pamiatka-pierwszej-komunii-chodziez","status":"publish","type":"product","link":"https:\/\/zielone-migdaly.pl\/index.php\/produkt\/zestaw-sniadaniowy-pamiatka-pierwszej-komunii-chodziez\/","title":{"rendered":"Zestaw \u015bniadaniowy &#8211; pami\u0105tka pierwszej komunii &#8211; Chodzie\u017c"},"content":{"rendered":"<p>Zestaw \u015bniadaniowy na pami\u0105tk\u0119 pierwszej komunii wykonany w zak\u0142adach porcelany Chodzie\u017c.<\/p>\n<p><span data-sheets-root=\"1\">\u015arednica talerzyka 17,5cm, \u015brednica spodka 15cm, wysoko\u015b\u0107 fili\u017canki 7,5cm, \u015brednica bez uszka 9cm. <\/span><\/p>\n<p><span data-sheets-root=\"1\">Stan bardzo dobry, drobne przetarcia, niewielkie r\u00f3\u017cnice w odcieniach szkliwa. <\/span><\/p>\n","protected":false},"excerpt":{"rendered":"<p>Zestaw \u015bniadaniowy na pami\u0105tk\u0119 pierwszej komunii wykonany w zak\u0142adach porcelany Chodzie\u017c. \u015arednica talerzyka 17,5cm, \u015brednica spodka 15cm, wysoko\u015b\u0107 fili\u017canki 7,5cm, \u015brednica bez uszka 9cm. Stan bardzo dobry, drobne przetarcia, niewielkie r\u00f3\u017cnice w odcieniach szkliwa.<\/p>\n","protected":false},"featured_media":18295,"template":"","meta":[],"product_cat":[55],"product_tag":[328,77,96,305,586,584,79,76,615,982,981,279],"yoast_head":"<!-- This site is optimized with the Yoast SEO plugin v23.0 - https:\/\/yoast.com\/wordpress\/plugins\/seo\/ -->\n<title>Zestaw \u015bniadaniowy - pami\u0105tka pierwszej komunii - Chodzie\u017c - Zielone Migda\u0142y<\/title>\n<meta name=\"description\" content=\"Zestaw \u015bniadaniowy na pami\u0105tk\u0119 pierwszej komunii wykonany w zak\u0142adach porcelany Chodzie\u017c. Stan bardzo dobry, drobne przetarcia.\" \/>\n<meta name=\"robots\" content=\"index, follow, max-snippet:-1, max-image-preview:large, max-video-preview:-1\" \/>\n<link rel=\"canonical\" href=\"https:\/\/zielone-migdaly.pl\/index.php\/produkt\/zestaw-sniadaniowy-pamiatka-pierwszej-komunii-chodziez\/\" \/>\n<meta property=\"og:locale\" content=\"pl_PL\" \/>\n<meta property=\"og:type\" content=\"article\" \/>\n<meta property=\"og:title\" content=\"Zestaw \u015bniadaniowy - pami\u0105tka pierwszej komunii - Chodzie\u017c - Zielone Migda\u0142y\" \/>\n<meta property=\"og:description\" content=\"Zestaw \u015bniadaniowy na pami\u0105tk\u0119 pierwszej komunii wykonany w zak\u0142adach porcelany Chodzie\u017c. Stan bardzo dobry, drobne przetarcia.\" \/>\n<meta property=\"og:url\" content=\"https:\/\/zielone-migdaly.pl\/index.php\/produkt\/zestaw-sniadaniowy-pamiatka-pierwszej-komunii-chodziez\/\" \/>\n<meta property=\"og:site_name\" content=\"Zielone Migda\u0142y\" \/>\n<meta property=\"article:publisher\" content=\"https:\/\/www.facebook.com\/lubiezielonemigdaly\" \/>\n<meta property=\"article:modified_time\" content=\"2025-07-28T09:59:06+00:00\" \/>\n<meta property=\"og:image\" content=\"https:\/\/zielone-migdaly.pl\/wp-content\/uploads\/2025\/07\/zielone-migdaly-04-0271.jpg\" \/>\n\t<meta property=\"og:image:width\" content=\"500\" \/>\n\t<meta property=\"og:image:height\" content=\"750\" \/>\n\t<meta property=\"og:image:type\" content=\"image\/jpeg\" \/>\n<meta name=\"twitter:card\" content=\"summary_large_image\" \/>\n<script type=\"application\/ld+json\" class=\"yoast-schema-graph\">{\"@context\":\"https:\/\/schema.org\",\"@graph\":[{\"@type\":\"WebPage\",\"@id\":\"https:\/\/zielone-migdaly.pl\/index.php\/produkt\/zestaw-sniadaniowy-pamiatka-pierwszej-komunii-chodziez\/\",\"url\":\"https:\/\/zielone-migdaly.pl\/index.php\/produkt\/zestaw-sniadaniowy-pamiatka-pierwszej-komunii-chodziez\/\",\"name\":\"Zestaw \u015bniadaniowy - pami\u0105tka pierwszej komunii - Chodzie\u017c - Zielone Migda\u0142y\",\"isPartOf\":{\"@id\":\"https:\/\/zielone-migdaly.pl\/#website\"},\"primaryImageOfPage\":{\"@id\":\"https:\/\/zielone-migdaly.pl\/index.php\/produkt\/zestaw-sniadaniowy-pamiatka-pierwszej-komunii-chodziez\/#primaryimage\"},\"image\":{\"@id\":\"https:\/\/zielone-migdaly.pl\/index.php\/produkt\/zestaw-sniadaniowy-pamiatka-pierwszej-komunii-chodziez\/#primaryimage\"},\"thumbnailUrl\":\"https:\/\/zielone-migdaly.pl\/wp-content\/uploads\/2025\/07\/zielone-migdaly-04-0271.jpg\",\"datePublished\":\"2025-07-28T09:59:05+00:00\",\"dateModified\":\"2025-07-28T09:59:06+00:00\",\"description\":\"Zestaw \u015bniadaniowy na pami\u0105tk\u0119 pierwszej komunii wykonany w zak\u0142adach porcelany Chodzie\u017c. Stan bardzo dobry, drobne przetarcia.\",\"breadcrumb\":{\"@id\":\"https:\/\/zielone-migdaly.pl\/index.php\/produkt\/zestaw-sniadaniowy-pamiatka-pierwszej-komunii-chodziez\/#breadcrumb\"},\"inLanguage\":\"pl-PL\",\"potentialAction\":[{\"@type\":\"ReadAction\",\"target\":[\"https:\/\/zielone-migdaly.pl\/index.php\/produkt\/zestaw-sniadaniowy-pamiatka-pierwszej-komunii-chodziez\/\"]}]},{\"@type\":\"ImageObject\",\"inLanguage\":\"pl-PL\",\"@id\":\"https:\/\/zielone-migdaly.pl\/index.php\/produkt\/zestaw-sniadaniowy-pamiatka-pierwszej-komunii-chodziez\/#primaryimage\",\"url\":\"https:\/\/zielone-migdaly.pl\/wp-content\/uploads\/2025\/07\/zielone-migdaly-04-0271.jpg\",\"contentUrl\":\"https:\/\/zielone-migdaly.pl\/wp-content\/uploads\/2025\/07\/zielone-migdaly-04-0271.jpg\",\"width\":500,\"height\":750},{\"@type\":\"BreadcrumbList\",\"@id\":\"https:\/\/zielone-migdaly.pl\/index.php\/produkt\/zestaw-sniadaniowy-pamiatka-pierwszej-komunii-chodziez\/#breadcrumb\",\"itemListElement\":[{\"@type\":\"ListItem\",\"position\":1,\"name\":\"Strona g\u0142\u00f3wna\",\"item\":\"https:\/\/zielone-migdaly.pl\/\"},{\"@type\":\"ListItem\",\"position\":2,\"name\":\"Sklep\",\"item\":\"https:\/\/zielone-migdaly.pl\/index.php\/sklep\/\"},{\"@type\":\"ListItem\",\"position\":3,\"name\":\"Zestaw \u015bniadaniowy &#8211; pami\u0105tka pierwszej komunii &#8211; Chodzie\u017c\"}]},{\"@type\":\"WebSite\",\"@id\":\"https:\/\/zielone-migdaly.pl\/#website\",\"url\":\"https:\/\/zielone-migdaly.pl\/\",\"name\":\"Zielone Migda\u0142y\",\"description\":\"Sklep Vintage\",\"publisher\":{\"@id\":\"https:\/\/zielone-migdaly.pl\/#organization\"},\"potentialAction\":[{\"@type\":\"SearchAction\",\"target\":{\"@type\":\"EntryPoint\",\"urlTemplate\":\"https:\/\/zielone-migdaly.pl\/?s={search_term_string}\"},\"query-input\":\"required name=search_term_string\"}],\"inLanguage\":\"pl-PL\"},{\"@type\":\"Organization\",\"@id\":\"https:\/\/zielone-migdaly.pl\/#organization\",\"name\":\"Zielone Migda\u0142y\",\"url\":\"https:\/\/zielone-migdaly.pl\/\",\"logo\":{\"@type\":\"ImageObject\",\"inLanguage\":\"pl-PL\",\"@id\":\"https:\/\/zielone-migdaly.pl\/#\/schema\/logo\/image\/\",\"url\":\"https:\/\/zielone-migdaly.pl\/wp-content\/uploads\/2021\/11\/Zielone-Migdaly-Logo-WEB-2.png\",\"contentUrl\":\"https:\/\/zielone-migdaly.pl\/wp-content\/uploads\/2021\/11\/Zielone-Migdaly-Logo-WEB-2.png\",\"width\":500,\"height\":190,\"caption\":\"Zielone Migda\u0142y\"},\"image\":{\"@id\":\"https:\/\/zielone-migdaly.pl\/#\/schema\/logo\/image\/\"},\"sameAs\":[\"https:\/\/www.facebook.com\/lubiezielonemigdaly\",\"https:\/\/www.instagram.com\/lubie_zielone_migdaly\/\"]}]}<\/script>\n<!-- \/ Yoast SEO plugin. -->","yoast_head_json":{"title":"Zestaw \u015bniadaniowy - pami\u0105tka pierwszej komunii - Chodzie\u017c - Zielone Migda\u0142y","description":"Zestaw \u015bniadaniowy na pami\u0105tk\u0119 pierwszej komunii wykonany w zak\u0142adach porcelany Chodzie\u017c. Stan bardzo dobry, drobne przetarcia.","robots":{"index":"index","follow":"follow","max-snippet":"max-snippet:-1","max-image-preview":"max-image-preview:large","max-video-preview":"max-video-preview:-1"},"canonical":"https:\/\/zielone-migdaly.pl\/index.php\/produkt\/zestaw-sniadaniowy-pamiatka-pierwszej-komunii-chodziez\/","og_locale":"pl_PL","og_type":"article","og_title":"Zestaw \u015bniadaniowy - pami\u0105tka pierwszej komunii - Chodzie\u017c - Zielone Migda\u0142y","og_description":"Zestaw \u015bniadaniowy na pami\u0105tk\u0119 pierwszej komunii wykonany w zak\u0142adach porcelany Chodzie\u017c. Stan bardzo dobry, drobne przetarcia.","og_url":"https:\/\/zielone-migdaly.pl\/index.php\/produkt\/zestaw-sniadaniowy-pamiatka-pierwszej-komunii-chodziez\/","og_site_name":"Zielone Migda\u0142y","article_publisher":"https:\/\/www.facebook.com\/lubiezielonemigdaly","article_modified_time":"2025-07-28T09:59:06+00:00","og_image":[{"width":500,"height":750,"url":"https:\/\/zielone-migdaly.pl\/wp-content\/uploads\/2025\/07\/zielone-migdaly-04-0271.jpg","type":"image\/jpeg"}],"twitter_card":"summary_large_image","schema":{"@context":"https:\/\/schema.org","@graph":[{"@type":"WebPage","@id":"https:\/\/zielone-migdaly.pl\/index.php\/produkt\/zestaw-sniadaniowy-pamiatka-pierwszej-komunii-chodziez\/","url":"https:\/\/zielone-migdaly.pl\/index.php\/produkt\/zestaw-sniadaniowy-pamiatka-pierwszej-komunii-chodziez\/","name":"Zestaw \u015bniadaniowy - pami\u0105tka pierwszej komunii - Chodzie\u017c - Zielone Migda\u0142y","isPartOf":{"@id":"https:\/\/zielone-migdaly.pl\/#website"},"primaryImageOfPage":{"@id":"https:\/\/zielone-migdaly.pl\/index.php\/produkt\/zestaw-sniadaniowy-pamiatka-pierwszej-komunii-chodziez\/#primaryimage"},"image":{"@id":"https:\/\/zielone-migdaly.pl\/index.php\/produkt\/zestaw-sniadaniowy-pamiatka-pierwszej-komunii-chodziez\/#primaryimage"},"thumbnailUrl":"https:\/\/zielone-migdaly.pl\/wp-content\/uploads\/2025\/07\/zielone-migdaly-04-0271.jpg","datePublished":"2025-07-28T09:59:05+00:00","dateModified":"2025-07-28T09:59:06+00:00","description":"Zestaw \u015bniadaniowy na pami\u0105tk\u0119 pierwszej komunii wykonany w zak\u0142adach porcelany Chodzie\u017c. Stan bardzo dobry, drobne przetarcia.","breadcrumb":{"@id":"https:\/\/zielone-migdaly.pl\/index.php\/produkt\/zestaw-sniadaniowy-pamiatka-pierwszej-komunii-chodziez\/#breadcrumb"},"inLanguage":"pl-PL","potentialAction":[{"@type":"ReadAction","target":["https:\/\/zielone-migdaly.pl\/index.php\/produkt\/zestaw-sniadaniowy-pamiatka-pierwszej-komunii-chodziez\/"]}]},{"@type":"ImageObject","inLanguage":"pl-PL","@id":"https:\/\/zielone-migdaly.pl\/index.php\/produkt\/zestaw-sniadaniowy-pamiatka-pierwszej-komunii-chodziez\/#primaryimage","url":"https:\/\/zielone-migdaly.pl\/wp-content\/uploads\/2025\/07\/zielone-migdaly-04-0271.jpg","contentUrl":"https:\/\/zielone-migdaly.pl\/wp-content\/uploads\/2025\/07\/zielone-migdaly-04-0271.jpg","width":500,"height":750},{"@type":"BreadcrumbList","@id":"https:\/\/zielone-migdaly.pl\/index.php\/produkt\/zestaw-sniadaniowy-pamiatka-pierwszej-komunii-chodziez\/#breadcrumb","itemListElement":[{"@type":"ListItem","position":1,"name":"Strona g\u0142\u00f3wna","item":"https:\/\/zielone-migdaly.pl\/"},{"@type":"ListItem","position":2,"name":"Sklep","item":"https:\/\/zielone-migdaly.pl\/index.php\/sklep\/"},{"@type":"ListItem","position":3,"name":"Zestaw \u015bniadaniowy &#8211; pami\u0105tka pierwszej komunii &#8211; Chodzie\u017c"}]},{"@type":"WebSite","@id":"https:\/\/zielone-migdaly.pl\/#website","url":"https:\/\/zielone-migdaly.pl\/","name":"Zielone Migda\u0142y","description":"Sklep Vintage","publisher":{"@id":"https:\/\/zielone-migdaly.pl\/#organization"},"potentialAction":[{"@type":"SearchAction","target":{"@type":"EntryPoint","urlTemplate":"https:\/\/zielone-migdaly.pl\/?s={search_term_string}"},"query-input":"required name=search_term_string"}],"inLanguage":"pl-PL"},{"@type":"Organization","@id":"https:\/\/zielone-migdaly.pl\/#organization","name":"Zielone Migda\u0142y","url":"https:\/\/zielone-migdaly.pl\/","logo":{"@type":"ImageObject","inLanguage":"pl-PL","@id":"https:\/\/zielone-migdaly.pl\/#\/schema\/logo\/image\/","url":"https:\/\/zielone-migdaly.pl\/wp-content\/uploads\/2021\/11\/Zielone-Migdaly-Logo-WEB-2.png","contentUrl":"https:\/\/zielone-migdaly.pl\/wp-content\/uploads\/2021\/11\/Zielone-Migdaly-Logo-WEB-2.png","width":500,"height":190,"caption":"Zielone Migda\u0142y"},"image":{"@id":"https:\/\/zielone-migdaly.pl\/#\/schema\/logo\/image\/"},"sameAs":["https:\/\/www.facebook.com\/lubiezielonemigdaly","https:\/\/www.instagram.com\/lubie_zielone_migdaly\/"]}]}},"_links":{"self":[{"href":"https:\/\/zielone-migdaly.pl\/index.php\/wp-json\/wp\/v2\/product\/18336"}],"collection":[{"href":"https:\/\/zielone-migdaly.pl\/index.php\/wp-json\/wp\/v2\/product"}],"about":[{"href":"https:\/\/zielone-migdaly.pl\/index.php\/wp-json\/wp\/v2\/types\/product"}],"wp:featuredmedia":[{"embeddable":true,"href":"https:\/\/zielone-migdaly.pl\/index.php\/wp-json\/wp\/v2\/media\/18295"}],"wp:attachment":[{"href":"https:\/\/zielone-migdaly.pl\/index.php\/wp-json\/wp\/v2\/media?parent=18336"}],"wp:term":[{"taxonomy":"product_cat","embeddable":true,"href":"https:\/\/zielone-migdaly.pl\/index.php\/wp-json\/wp\/v2\/product_cat?post=18336"},{"taxonomy":"product_tag","embeddable":true,"href":"https:\/\/zielone-migdaly.pl\/index.php\/wp-json\/wp\/v2\/product_tag?post=18336"}],"curies":[{"name":"wp","href":"https:\/\/api.w.org\/{rel}","templated":true}]}}

Zestaw śniadaniowy &#8211; pamiątka pierwszej komunii &#8211; Chodzież

<p>Zestaw śniadaniowy na pamiątkę pierwszej komunii wykonany w zakładach porcelany Chodzież.</p>
<p><span data-sheets-root="1">Średnica talerzyka 17,5cm, średnica spodka 15cm, wysokość filiżanki 7,5cm, średnica bez uszka 9cm. </span></p>
<p><span data-sheets-root="1">Stan bardzo dobry, drobne przetarcia, niewielkie różnice w odcieniach szkliwa. </span></p>

<p>Zestaw śniadaniowy na pamiątkę pierwszej komunii wykonany w zakładach porcelany Chodzież. Średnica talerzyka 17,5cm, średnica spodka 15cm, wysokość filiżanki 7,5cm, średnica bez uszka 9cm. Stan bardzo dobry, drobne przetarcia, niewielkie różnice w odcieniach szkliwa.</p>

<!-- This site is optimized with the Yoast SEO plugin v23.0 - https://yoast.com/wordpress/plugins/seo/ -->
<title>Zestaw śniadaniowy - pamiątka pierwszej komunii - Chodzież - Zielone Migdały</title>
<meta name="description" content="Zestaw śniadaniowy na pamiątkę pierwszej komunii wykonany w zakładach porcelany Chodzież. Stan bardzo dobry, drobne przetarcia." />
<meta name="robots" content="index, follow, max-snippet:-1, max-image-preview:large, max-video-preview:-1" />
<link rel="canonical" href="https://zielone-migdaly.pl/index.php/produkt/zestaw-sniadaniowy-pamiatka-pierwszej-komunii-chodziez/" />
<meta property="og:locale" content="pl_PL" />
<meta property="og:type" content="article" />
<meta property="og:title" content="Zestaw śniadaniowy - pamiątka pierwszej komunii - Chodzież - Zielone Migdały" />
<meta property="og:description" content="Zestaw śniadaniowy na pamiątkę pierwszej komunii wykonany w zakładach porcelany Chodzież. Stan bardzo dobry, drobne przetarcia." />
<meta property="og:url" content="https://zielone-migdaly.pl/index.php/produkt/zestaw-sniadaniowy-pamiatka-pierwszej-komunii-chodziez/" />
<meta property="og:site_name" content="Zielone Migdały" />
<meta property="article:publisher" content="https://www.facebook.com/lubiezielonemigdaly" />
<meta property="article:modified_time" content="2025-07-28T09:59:06+00:00" />
<meta property="og:image" content="https://zielone-migdaly.pl/wp-content/uploads/2025/07/zielone-migdaly-04-0271.jpg" />
	<meta property="og:image:width" content="500" />
	<meta property="og:image:height" content="750" />
	<meta property="og:image:type" content="image/jpeg" />
<meta name="twitter:card" content="summary_large_image" />
<script type="application/ld+json" class="yoast-schema-graph">{"@context":"https://schema.org","@graph":[{"@type":"WebPage","@id":"https://zielone-migdaly.pl/index.php/produkt/zestaw-sniadaniowy-pamiatka-pierwszej-komunii-chodziez/","url":"https://zielone-migdaly.pl/index.php/produkt/zestaw-sniadaniowy-pamiatka-pierwszej-komunii-chodziez/","name":"Zestaw śniadaniowy - pamiątka pierwszej komunii - Chodzież - Zielone Migdały","isPartOf":{"@id":"https://zielone-migdaly.pl/#website"},"primaryImageOfPage":{"@id":"https://zielone-migdaly.pl/index.php/produkt/zestaw-sniadaniowy-pamiatka-pierwszej-komunii-chodziez/#primaryimage"},"image":{"@id":"https://zielone-migdaly.pl/index.php/produkt/zestaw-sniadaniowy-pamiatka-pierwszej-komunii-chodziez/#primaryimage"},"thumbnailUrl":"https://zielone-migdaly.pl/wp-content/uploads/2025/07/zielone-migdaly-04-0271.jpg","datePublished":"2025-07-28T09:59:05+00:00","dateModified":"2025-07-28T09:59:06+00:00","description":"Zestaw śniadaniowy na pamiątkę pierwszej komunii wykonany w zakładach porcelany Chodzież. Stan bardzo dobry, drobne przetarcia.","breadcrumb":{"@id":"https://zielone-migdaly.pl/index.php/produkt/zestaw-sniadaniowy-pamiatka-pierwszej-komunii-chodziez/#breadcrumb"},"inLanguage":"pl-PL","potentialAction":[{"@type":"ReadAction","target":["https://zielone-migdaly.pl/index.php/produkt/zestaw-sniadaniowy-pamiatka-pierwszej-komunii-chodziez/"]}]},{"@type":"ImageObject","inLanguage":"pl-PL","@id":"https://zielone-migdaly.pl/index.php/produkt/zestaw-sniadaniowy-pamiatka-pierwszej-komunii-chodziez/#primaryimage","url":"https://zielone-migdaly.pl/wp-content/uploads/2025/07/zielone-migdaly-04-0271.jpg","contentUrl":"https://zielone-migdaly.pl/wp-content/uploads/2025/07/zielone-migdaly-04-0271.jpg","width":500,"height":750},{"@type":"BreadcrumbList","@id":"https://zielone-migdaly.pl/index.php/produkt/zestaw-sniadaniowy-pamiatka-pierwszej-komunii-chodziez/#breadcrumb","itemListElement":[{"@type":"ListItem","position":1,"name":"Strona główna","item":"https://zielone-migdaly.pl/"},{"@type":"ListItem","position":2,"name":"Sklep","item":"https://zielone-migdaly.pl/index.php/sklep/"},{"@type":"ListItem","position":3,"name":"Zestaw śniadaniowy &#8211; pamiątka pierwszej komunii &#8211; Chodzież"}]},{"@type":"WebSite","@id":"https://zielone-migdaly.pl/#website","url":"https://zielone-migdaly.pl/","name":"Zielone Migdały","description":"Sklep Vintage","publisher":{"@id":"https://zielone-migdaly.pl/#organization"},"potentialAction":[{"@type":"SearchAction","target":{"@type":"EntryPoint","urlTemplate":"https://zielone-migdaly.pl/?s={search_term_string}"},"query-input":"required name=search_term_string"}],"inLanguage":"pl-PL"},{"@type":"Organization","@id":"https://zielone-migdaly.pl/#organization","name":"Zielone Migdały","url":"https://zielone-migdaly.pl/","logo":{"@type":"ImageObject","inLanguage":"pl-PL","@id":"https://zielone-migdaly.pl/#/schema/logo/image/","url":"https://zielone-migdaly.pl/wp-content/uploads/2021/11/Zielone-Migdaly-Logo-WEB-2.png","contentUrl":"https://zielone-migdaly.pl/wp-content/uploads/2021/11/Zielone-Migdaly-Logo-WEB-2.png","width":500,"height":190,"caption":"Zielone Migdały"},"image":{"@id":"https://zielone-migdaly.pl/#/schema/logo/image/"},"sameAs":["https://www.facebook.com/lubiezielonemigdaly","https://www.instagram.com/lubie_zielone_migdaly/"]}]}</script>
<!-- / Yoast SEO plugin. -->

Zestaw śniadaniowy - pamiątka pierwszej komunii - Chodzież - Zielone Migdały

Zestaw śniadaniowy na pamiątkę pierwszej komunii wykonany w zakładach porcelany Chodzież. Stan bardzo dobry, drobne przetarcia.

Zielone Migdały

Strona główna
