{"id":22851,"date":"2026-03-16T13:26:01","date_gmt":"2026-03-16T12:26:01","guid":{"rendered":"https:\/\/zielone-migdaly.pl\/?post_type=product&#038;p=22851"},"modified":"2026-03-16T13:26:01","modified_gmt":"2026-03-16T12:26:01","slug":"krysztalowy-wazon-z-rozetami-2","status":"publish","type":"product","link":"https:\/\/zielone-migdaly.pl\/index.php\/produkt\/krysztalowy-wazon-z-rozetami-2\/","title":{"rendered":"Kryszta\u0142owy wazon z rozetami"},"content":{"rendered":"<p>Kryszta\u0142owy wazon z rozetami.<\/p>\n<p><span data-sheets-root=\"1\">Wysoko\u015b\u0107 20cm, \u015brednica na g\u00f3rze 13cm. <\/span><\/p>\n<p><span data-sheets-root=\"1\">Stan dobry, po\u015bwiata wewn\u0105trz wazonu. <\/span><\/p>\n","protected":false},"excerpt":{"rendered":"<p>Kryszta\u0142owy wazon z rozetami. Wysoko\u015b\u0107 20cm, \u015brednica na g\u00f3rze 13cm. Stan dobry, po\u015bwiata wewn\u0105trz wazonu.<\/p>\n","protected":false},"featured_media":22849,"template":"","meta":[],"product_cat":[53],"product_tag":[170,162,56,899,61],"yoast_head":"<!-- This site is optimized with the Yoast SEO plugin v23.0 - https:\/\/yoast.com\/wordpress\/plugins\/seo\/ -->\n<title>Kryszta\u0142owy wazon z rozetami - Zielone Migda\u0142y<\/title>\n<meta name=\"description\" content=\"Kryszta\u0142owy wazon z rozetami. Wysoko\u015b\u0107 20cm, \u015brednica na g\u00f3rze 13cm. Stan dobry, po\u015bwiata wewn\u0105trz wazonu.\" \/>\n<meta name=\"robots\" content=\"index, follow, max-snippet:-1, max-image-preview:large, max-video-preview:-1\" \/>\n<link rel=\"canonical\" href=\"https:\/\/zielone-migdaly.pl\/index.php\/produkt\/krysztalowy-wazon-z-rozetami-2\/\" \/>\n<meta property=\"og:locale\" content=\"pl_PL\" \/>\n<meta property=\"og:type\" content=\"article\" \/>\n<meta property=\"og:title\" content=\"Kryszta\u0142owy wazon z rozetami - Zielone Migda\u0142y\" \/>\n<meta property=\"og:description\" content=\"Kryszta\u0142owy wazon z rozetami. Wysoko\u015b\u0107 20cm, \u015brednica na g\u00f3rze 13cm. Stan dobry, po\u015bwiata wewn\u0105trz wazonu.\" \/>\n<meta property=\"og:url\" content=\"https:\/\/zielone-migdaly.pl\/index.php\/produkt\/krysztalowy-wazon-z-rozetami-2\/\" \/>\n<meta property=\"og:site_name\" content=\"Zielone Migda\u0142y\" \/>\n<meta property=\"article:publisher\" content=\"https:\/\/www.facebook.com\/lubiezielonemigdaly\" \/>\n<meta property=\"og:image\" content=\"https:\/\/zielone-migdaly.pl\/wp-content\/uploads\/2026\/03\/zielone-migdaly-07-0354.jpg\" \/>\n\t<meta property=\"og:image:width\" content=\"500\" \/>\n\t<meta property=\"og:image:height\" content=\"750\" \/>\n\t<meta property=\"og:image:type\" content=\"image\/jpeg\" \/>\n<meta name=\"twitter:card\" content=\"summary_large_image\" \/>\n<script type=\"application\/ld+json\" class=\"yoast-schema-graph\">{\"@context\":\"https:\/\/schema.org\",\"@graph\":[{\"@type\":\"WebPage\",\"@id\":\"https:\/\/zielone-migdaly.pl\/index.php\/produkt\/krysztalowy-wazon-z-rozetami-2\/\",\"url\":\"https:\/\/zielone-migdaly.pl\/index.php\/produkt\/krysztalowy-wazon-z-rozetami-2\/\",\"name\":\"Kryszta\u0142owy wazon z rozetami - Zielone Migda\u0142y\",\"isPartOf\":{\"@id\":\"https:\/\/zielone-migdaly.pl\/#website\"},\"primaryImageOfPage\":{\"@id\":\"https:\/\/zielone-migdaly.pl\/index.php\/produkt\/krysztalowy-wazon-z-rozetami-2\/#primaryimage\"},\"image\":{\"@id\":\"https:\/\/zielone-migdaly.pl\/index.php\/produkt\/krysztalowy-wazon-z-rozetami-2\/#primaryimage\"},\"thumbnailUrl\":\"https:\/\/zielone-migdaly.pl\/wp-content\/uploads\/2026\/03\/zielone-migdaly-07-0354.jpg\",\"datePublished\":\"2026-03-16T12:26:01+00:00\",\"dateModified\":\"2026-03-16T12:26:01+00:00\",\"description\":\"Kryszta\u0142owy wazon z rozetami. Wysoko\u015b\u0107 20cm, \u015brednica na g\u00f3rze 13cm. Stan dobry, po\u015bwiata wewn\u0105trz wazonu.\",\"breadcrumb\":{\"@id\":\"https:\/\/zielone-migdaly.pl\/index.php\/produkt\/krysztalowy-wazon-z-rozetami-2\/#breadcrumb\"},\"inLanguage\":\"pl-PL\",\"potentialAction\":[{\"@type\":\"ReadAction\",\"target\":[\"https:\/\/zielone-migdaly.pl\/index.php\/produkt\/krysztalowy-wazon-z-rozetami-2\/\"]}]},{\"@type\":\"ImageObject\",\"inLanguage\":\"pl-PL\",\"@id\":\"https:\/\/zielone-migdaly.pl\/index.php\/produkt\/krysztalowy-wazon-z-rozetami-2\/#primaryimage\",\"url\":\"https:\/\/zielone-migdaly.pl\/wp-content\/uploads\/2026\/03\/zielone-migdaly-07-0354.jpg\",\"contentUrl\":\"https:\/\/zielone-migdaly.pl\/wp-content\/uploads\/2026\/03\/zielone-migdaly-07-0354.jpg\",\"width\":500,\"height\":750},{\"@type\":\"BreadcrumbList\",\"@id\":\"https:\/\/zielone-migdaly.pl\/index.php\/produkt\/krysztalowy-wazon-z-rozetami-2\/#breadcrumb\",\"itemListElement\":[{\"@type\":\"ListItem\",\"position\":1,\"name\":\"Strona g\u0142\u00f3wna\",\"item\":\"https:\/\/zielone-migdaly.pl\/\"},{\"@type\":\"ListItem\",\"position\":2,\"name\":\"Sklep\",\"item\":\"https:\/\/zielone-migdaly.pl\/index.php\/sklep\/\"},{\"@type\":\"ListItem\",\"position\":3,\"name\":\"Kryszta\u0142owy wazon z rozetami\"}]},{\"@type\":\"WebSite\",\"@id\":\"https:\/\/zielone-migdaly.pl\/#website\",\"url\":\"https:\/\/zielone-migdaly.pl\/\",\"name\":\"Zielone Migda\u0142y\",\"description\":\"Sklep Vintage\",\"publisher\":{\"@id\":\"https:\/\/zielone-migdaly.pl\/#organization\"},\"potentialAction\":[{\"@type\":\"SearchAction\",\"target\":{\"@type\":\"EntryPoint\",\"urlTemplate\":\"https:\/\/zielone-migdaly.pl\/?s={search_term_string}\"},\"query-input\":\"required name=search_term_string\"}],\"inLanguage\":\"pl-PL\"},{\"@type\":\"Organization\",\"@id\":\"https:\/\/zielone-migdaly.pl\/#organization\",\"name\":\"Zielone Migda\u0142y\",\"url\":\"https:\/\/zielone-migdaly.pl\/\",\"logo\":{\"@type\":\"ImageObject\",\"inLanguage\":\"pl-PL\",\"@id\":\"https:\/\/zielone-migdaly.pl\/#\/schema\/logo\/image\/\",\"url\":\"https:\/\/zielone-migdaly.pl\/wp-content\/uploads\/2021\/11\/Zielone-Migdaly-Logo-WEB-2.png\",\"contentUrl\":\"https:\/\/zielone-migdaly.pl\/wp-content\/uploads\/2021\/11\/Zielone-Migdaly-Logo-WEB-2.png\",\"width\":500,\"height\":190,\"caption\":\"Zielone Migda\u0142y\"},\"image\":{\"@id\":\"https:\/\/zielone-migdaly.pl\/#\/schema\/logo\/image\/\"},\"sameAs\":[\"https:\/\/www.facebook.com\/lubiezielonemigdaly\",\"https:\/\/www.instagram.com\/lubie_zielone_migdaly\/\"]}]}<\/script>\n<!-- \/ Yoast SEO plugin. -->","yoast_head_json":{"title":"Kryszta\u0142owy wazon z rozetami - Zielone Migda\u0142y","description":"Kryszta\u0142owy wazon z rozetami. Wysoko\u015b\u0107 20cm, \u015brednica na g\u00f3rze 13cm. Stan dobry, po\u015bwiata wewn\u0105trz wazonu.","robots":{"index":"index","follow":"follow","max-snippet":"max-snippet:-1","max-image-preview":"max-image-preview:large","max-video-preview":"max-video-preview:-1"},"canonical":"https:\/\/zielone-migdaly.pl\/index.php\/produkt\/krysztalowy-wazon-z-rozetami-2\/","og_locale":"pl_PL","og_type":"article","og_title":"Kryszta\u0142owy wazon z rozetami - Zielone Migda\u0142y","og_description":"Kryszta\u0142owy wazon z rozetami. Wysoko\u015b\u0107 20cm, \u015brednica na g\u00f3rze 13cm. Stan dobry, po\u015bwiata wewn\u0105trz wazonu.","og_url":"https:\/\/zielone-migdaly.pl\/index.php\/produkt\/krysztalowy-wazon-z-rozetami-2\/","og_site_name":"Zielone Migda\u0142y","article_publisher":"https:\/\/www.facebook.com\/lubiezielonemigdaly","og_image":[{"width":500,"height":750,"url":"https:\/\/zielone-migdaly.pl\/wp-content\/uploads\/2026\/03\/zielone-migdaly-07-0354.jpg","type":"image\/jpeg"}],"twitter_card":"summary_large_image","schema":{"@context":"https:\/\/schema.org","@graph":[{"@type":"WebPage","@id":"https:\/\/zielone-migdaly.pl\/index.php\/produkt\/krysztalowy-wazon-z-rozetami-2\/","url":"https:\/\/zielone-migdaly.pl\/index.php\/produkt\/krysztalowy-wazon-z-rozetami-2\/","name":"Kryszta\u0142owy wazon z rozetami - Zielone Migda\u0142y","isPartOf":{"@id":"https:\/\/zielone-migdaly.pl\/#website"},"primaryImageOfPage":{"@id":"https:\/\/zielone-migdaly.pl\/index.php\/produkt\/krysztalowy-wazon-z-rozetami-2\/#primaryimage"},"image":{"@id":"https:\/\/zielone-migdaly.pl\/index.php\/produkt\/krysztalowy-wazon-z-rozetami-2\/#primaryimage"},"thumbnailUrl":"https:\/\/zielone-migdaly.pl\/wp-content\/uploads\/2026\/03\/zielone-migdaly-07-0354.jpg","datePublished":"2026-03-16T12:26:01+00:00","dateModified":"2026-03-16T12:26:01+00:00","description":"Kryszta\u0142owy wazon z rozetami. Wysoko\u015b\u0107 20cm, \u015brednica na g\u00f3rze 13cm. Stan dobry, po\u015bwiata wewn\u0105trz wazonu.","breadcrumb":{"@id":"https:\/\/zielone-migdaly.pl\/index.php\/produkt\/krysztalowy-wazon-z-rozetami-2\/#breadcrumb"},"inLanguage":"pl-PL","potentialAction":[{"@type":"ReadAction","target":["https:\/\/zielone-migdaly.pl\/index.php\/produkt\/krysztalowy-wazon-z-rozetami-2\/"]}]},{"@type":"ImageObject","inLanguage":"pl-PL","@id":"https:\/\/zielone-migdaly.pl\/index.php\/produkt\/krysztalowy-wazon-z-rozetami-2\/#primaryimage","url":"https:\/\/zielone-migdaly.pl\/wp-content\/uploads\/2026\/03\/zielone-migdaly-07-0354.jpg","contentUrl":"https:\/\/zielone-migdaly.pl\/wp-content\/uploads\/2026\/03\/zielone-migdaly-07-0354.jpg","width":500,"height":750},{"@type":"BreadcrumbList","@id":"https:\/\/zielone-migdaly.pl\/index.php\/produkt\/krysztalowy-wazon-z-rozetami-2\/#breadcrumb","itemListElement":[{"@type":"ListItem","position":1,"name":"Strona g\u0142\u00f3wna","item":"https:\/\/zielone-migdaly.pl\/"},{"@type":"ListItem","position":2,"name":"Sklep","item":"https:\/\/zielone-migdaly.pl\/index.php\/sklep\/"},{"@type":"ListItem","position":3,"name":"Kryszta\u0142owy wazon z rozetami"}]},{"@type":"WebSite","@id":"https:\/\/zielone-migdaly.pl\/#website","url":"https:\/\/zielone-migdaly.pl\/","name":"Zielone Migda\u0142y","description":"Sklep Vintage","publisher":{"@id":"https:\/\/zielone-migdaly.pl\/#organization"},"potentialAction":[{"@type":"SearchAction","target":{"@type":"EntryPoint","urlTemplate":"https:\/\/zielone-migdaly.pl\/?s={search_term_string}"},"query-input":"required name=search_term_string"}],"inLanguage":"pl-PL"},{"@type":"Organization","@id":"https:\/\/zielone-migdaly.pl\/#organization","name":"Zielone Migda\u0142y","url":"https:\/\/zielone-migdaly.pl\/","logo":{"@type":"ImageObject","inLanguage":"pl-PL","@id":"https:\/\/zielone-migdaly.pl\/#\/schema\/logo\/image\/","url":"https:\/\/zielone-migdaly.pl\/wp-content\/uploads\/2021\/11\/Zielone-Migdaly-Logo-WEB-2.png","contentUrl":"https:\/\/zielone-migdaly.pl\/wp-content\/uploads\/2021\/11\/Zielone-Migdaly-Logo-WEB-2.png","width":500,"height":190,"caption":"Zielone Migda\u0142y"},"image":{"@id":"https:\/\/zielone-migdaly.pl\/#\/schema\/logo\/image\/"},"sameAs":["https:\/\/www.facebook.com\/lubiezielonemigdaly","https:\/\/www.instagram.com\/lubie_zielone_migdaly\/"]}]}},"_links":{"self":[{"href":"https:\/\/zielone-migdaly.pl\/index.php\/wp-json\/wp\/v2\/product\/22851"}],"collection":[{"href":"https:\/\/zielone-migdaly.pl\/index.php\/wp-json\/wp\/v2\/product"}],"about":[{"href":"https:\/\/zielone-migdaly.pl\/index.php\/wp-json\/wp\/v2\/types\/product"}],"wp:featuredmedia":[{"embeddable":true,"href":"https:\/\/zielone-migdaly.pl\/index.php\/wp-json\/wp\/v2\/media\/22849"}],"wp:attachment":[{"href":"https:\/\/zielone-migdaly.pl\/index.php\/wp-json\/wp\/v2\/media?parent=22851"}],"wp:term":[{"taxonomy":"product_cat","embeddable":true,"href":"https:\/\/zielone-migdaly.pl\/index.php\/wp-json\/wp\/v2\/product_cat?post=22851"},{"taxonomy":"product_tag","embeddable":true,"href":"https:\/\/zielone-migdaly.pl\/index.php\/wp-json\/wp\/v2\/product_tag?post=22851"}],"curies":[{"name":"wp","href":"https:\/\/api.w.org\/{rel}","templated":true}]}}