{"id":23897,"date":"2026-05-07T10:37:05","date_gmt":"2026-05-07T08:37:05","guid":{"rendered":"https:\/\/zielone-migdaly.pl\/?post_type=product&#038;p=23897"},"modified":"2026-05-07T10:37:05","modified_gmt":"2026-05-07T08:37:05","slug":"czarny-serwis-z-kwiatowym-dekorem-pruszkow","status":"publish","type":"product","link":"https:\/\/zielone-migdaly.pl\/index.php\/produkt\/czarny-serwis-z-kwiatowym-dekorem-pruszkow\/","title":{"rendered":"Czarny serwis z kwiatowym dekorem &#8211; Pruszk\u00f3w"},"content":{"rendered":"<p>Czarny serwis z kwiatowym dekorem wykonany w Zak\u0142adach Porcelitu Sto\u0142owego &#8220;Pruszk\u00f3w&#8221;. Zestaw sk\u0142ada si\u0119 z dzbanka, mlecznika, cukiernicy, sze\u015bciu fili\u017canek ze spodkami.<\/p>\n<p><span data-sheets-root=\"1\">Wysoko\u015b\u0107 dzbanka 18,5cm, wysoko\u015b\u0107 mlecznika 11cm, wysoko\u015b\u0107 cukiernicy 6,5cm. \u015arednica spodka 11cm, fili\u017canka wysoko\u015b\u0107 5,5cm, \u015brednica 6cm. <\/span><\/p>\n<p><span data-sheets-root=\"1\">Stan bardzo dobry-, drobne wady z produkcji [przebarwienia, kropeczki na szkliwie]. Ryski na spodkach. <\/span><\/p>\n","protected":false},"excerpt":{"rendered":"<p>Czarny serwis z kwiatowym dekorem wykonany w Zak\u0142adach Porcelitu Sto\u0142owego &#8220;Pruszk\u00f3w&#8221;. Zestaw sk\u0142ada si\u0119 z dzbanka, mlecznika, cukiernicy, sze\u015bciu fili\u017canek ze spodkami. Wysoko\u015b\u0107 dzbanka 18,5cm, wysoko\u015b\u0107 mlecznika 11cm, wysoko\u015b\u0107 cukiernicy 6,5cm. \u015arednica spodka 11cm, fili\u017canka wysoko\u015b\u0107 5,5cm, \u015brednica 6cm. Stan bardzo dobry-, drobne wady z produkcji [przebarwienia, kropeczki na szkliwie]. Ryski na spodkach.<\/p>\n","protected":false},"featured_media":23885,"template":"","meta":[],"product_cat":[52],"product_tag":[73,146,166,71,72,74,106,105,278,286],"yoast_head":"<!-- This site is optimized with the Yoast SEO plugin v23.0 - https:\/\/yoast.com\/wordpress\/plugins\/seo\/ -->\n<title>Czarny serwis z kwiatowym dekorem - Pruszk\u00f3w - Zielone Migda\u0142y<\/title>\n<meta name=\"description\" content=\"Czarny serwis z kwiatowym dekorem wykonany w Zak\u0142adach Porcelitu Sto\u0142owego &quot;Pruszk\u00f3w&quot;. Zestaw sk\u0142ada si\u0119 z dzbanka, mlecznika, cukiernicy, sze\u015bciu fili\u017canek ze spodkami.\u00a0\" \/>\n<meta name=\"robots\" content=\"index, follow, max-snippet:-1, max-image-preview:large, max-video-preview:-1\" \/>\n<link rel=\"canonical\" href=\"https:\/\/zielone-migdaly.pl\/index.php\/produkt\/czarny-serwis-z-kwiatowym-dekorem-pruszkow\/\" \/>\n<meta property=\"og:locale\" content=\"pl_PL\" \/>\n<meta property=\"og:type\" content=\"article\" \/>\n<meta property=\"og:title\" content=\"Czarny serwis z kwiatowym dekorem - Pruszk\u00f3w - Zielone Migda\u0142y\" \/>\n<meta property=\"og:description\" content=\"Czarny serwis z kwiatowym dekorem wykonany w Zak\u0142adach Porcelitu Sto\u0142owego &quot;Pruszk\u00f3w&quot;. Zestaw sk\u0142ada si\u0119 z dzbanka, mlecznika, cukiernicy, sze\u015bciu fili\u017canek ze spodkami.\u00a0\" \/>\n<meta property=\"og:url\" content=\"https:\/\/zielone-migdaly.pl\/index.php\/produkt\/czarny-serwis-z-kwiatowym-dekorem-pruszkow\/\" \/>\n<meta property=\"og:site_name\" content=\"Zielone Migda\u0142y\" \/>\n<meta property=\"article:publisher\" content=\"https:\/\/www.facebook.com\/lubiezielonemigdaly\" \/>\n<meta property=\"og:image\" content=\"https:\/\/zielone-migdaly.pl\/wp-content\/uploads\/2026\/05\/zielone-migdaly-08-0341.jpg\" \/>\n\t<meta property=\"og:image:width\" content=\"500\" \/>\n\t<meta property=\"og:image:height\" content=\"750\" \/>\n\t<meta property=\"og:image:type\" content=\"image\/jpeg\" \/>\n<meta name=\"twitter:card\" content=\"summary_large_image\" \/>\n<script type=\"application\/ld+json\" class=\"yoast-schema-graph\">{\"@context\":\"https:\/\/schema.org\",\"@graph\":[{\"@type\":\"WebPage\",\"@id\":\"https:\/\/zielone-migdaly.pl\/index.php\/produkt\/czarny-serwis-z-kwiatowym-dekorem-pruszkow\/\",\"url\":\"https:\/\/zielone-migdaly.pl\/index.php\/produkt\/czarny-serwis-z-kwiatowym-dekorem-pruszkow\/\",\"name\":\"Czarny serwis z kwiatowym dekorem - Pruszk\u00f3w - Zielone Migda\u0142y\",\"isPartOf\":{\"@id\":\"https:\/\/zielone-migdaly.pl\/#website\"},\"primaryImageOfPage\":{\"@id\":\"https:\/\/zielone-migdaly.pl\/index.php\/produkt\/czarny-serwis-z-kwiatowym-dekorem-pruszkow\/#primaryimage\"},\"image\":{\"@id\":\"https:\/\/zielone-migdaly.pl\/index.php\/produkt\/czarny-serwis-z-kwiatowym-dekorem-pruszkow\/#primaryimage\"},\"thumbnailUrl\":\"https:\/\/zielone-migdaly.pl\/wp-content\/uploads\/2026\/05\/zielone-migdaly-08-0341.jpg\",\"datePublished\":\"2026-05-07T08:37:05+00:00\",\"dateModified\":\"2026-05-07T08:37:05+00:00\",\"description\":\"Czarny serwis z kwiatowym dekorem wykonany w Zak\u0142adach Porcelitu Sto\u0142owego \\\"Pruszk\u00f3w\\\". Zestaw sk\u0142ada si\u0119 z dzbanka, mlecznika, cukiernicy, sze\u015bciu fili\u017canek ze spodkami.\u00a0\",\"breadcrumb\":{\"@id\":\"https:\/\/zielone-migdaly.pl\/index.php\/produkt\/czarny-serwis-z-kwiatowym-dekorem-pruszkow\/#breadcrumb\"},\"inLanguage\":\"pl-PL\",\"potentialAction\":[{\"@type\":\"ReadAction\",\"target\":[\"https:\/\/zielone-migdaly.pl\/index.php\/produkt\/czarny-serwis-z-kwiatowym-dekorem-pruszkow\/\"]}]},{\"@type\":\"ImageObject\",\"inLanguage\":\"pl-PL\",\"@id\":\"https:\/\/zielone-migdaly.pl\/index.php\/produkt\/czarny-serwis-z-kwiatowym-dekorem-pruszkow\/#primaryimage\",\"url\":\"https:\/\/zielone-migdaly.pl\/wp-content\/uploads\/2026\/05\/zielone-migdaly-08-0341.jpg\",\"contentUrl\":\"https:\/\/zielone-migdaly.pl\/wp-content\/uploads\/2026\/05\/zielone-migdaly-08-0341.jpg\",\"width\":500,\"height\":750},{\"@type\":\"BreadcrumbList\",\"@id\":\"https:\/\/zielone-migdaly.pl\/index.php\/produkt\/czarny-serwis-z-kwiatowym-dekorem-pruszkow\/#breadcrumb\",\"itemListElement\":[{\"@type\":\"ListItem\",\"position\":1,\"name\":\"Strona g\u0142\u00f3wna\",\"item\":\"https:\/\/zielone-migdaly.pl\/\"},{\"@type\":\"ListItem\",\"position\":2,\"name\":\"Sklep\",\"item\":\"https:\/\/zielone-migdaly.pl\/index.php\/sklep\/\"},{\"@type\":\"ListItem\",\"position\":3,\"name\":\"Czarny serwis z kwiatowym dekorem &#8211; Pruszk\u00f3w\"}]},{\"@type\":\"WebSite\",\"@id\":\"https:\/\/zielone-migdaly.pl\/#website\",\"url\":\"https:\/\/zielone-migdaly.pl\/\",\"name\":\"Zielone Migda\u0142y\",\"description\":\"Sklep Vintage\",\"publisher\":{\"@id\":\"https:\/\/zielone-migdaly.pl\/#organization\"},\"potentialAction\":[{\"@type\":\"SearchAction\",\"target\":{\"@type\":\"EntryPoint\",\"urlTemplate\":\"https:\/\/zielone-migdaly.pl\/?s={search_term_string}\"},\"query-input\":\"required name=search_term_string\"}],\"inLanguage\":\"pl-PL\"},{\"@type\":\"Organization\",\"@id\":\"https:\/\/zielone-migdaly.pl\/#organization\",\"name\":\"Zielone Migda\u0142y\",\"url\":\"https:\/\/zielone-migdaly.pl\/\",\"logo\":{\"@type\":\"ImageObject\",\"inLanguage\":\"pl-PL\",\"@id\":\"https:\/\/zielone-migdaly.pl\/#\/schema\/logo\/image\/\",\"url\":\"https:\/\/zielone-migdaly.pl\/wp-content\/uploads\/2021\/11\/Zielone-Migdaly-Logo-WEB-2.png\",\"contentUrl\":\"https:\/\/zielone-migdaly.pl\/wp-content\/uploads\/2021\/11\/Zielone-Migdaly-Logo-WEB-2.png\",\"width\":500,\"height\":190,\"caption\":\"Zielone Migda\u0142y\"},\"image\":{\"@id\":\"https:\/\/zielone-migdaly.pl\/#\/schema\/logo\/image\/\"},\"sameAs\":[\"https:\/\/www.facebook.com\/lubiezielonemigdaly\",\"https:\/\/www.instagram.com\/lubie_zielone_migdaly\/\"]}]}<\/script>\n<!-- \/ Yoast SEO plugin. -->","yoast_head_json":{"title":"Czarny serwis z kwiatowym dekorem - Pruszk\u00f3w - Zielone Migda\u0142y","description":"Czarny serwis z kwiatowym dekorem wykonany w Zak\u0142adach Porcelitu Sto\u0142owego \"Pruszk\u00f3w\". Zestaw sk\u0142ada si\u0119 z dzbanka, mlecznika, cukiernicy, sze\u015bciu fili\u017canek ze spodkami.\u00a0","robots":{"index":"index","follow":"follow","max-snippet":"max-snippet:-1","max-image-preview":"max-image-preview:large","max-video-preview":"max-video-preview:-1"},"canonical":"https:\/\/zielone-migdaly.pl\/index.php\/produkt\/czarny-serwis-z-kwiatowym-dekorem-pruszkow\/","og_locale":"pl_PL","og_type":"article","og_title":"Czarny serwis z kwiatowym dekorem - Pruszk\u00f3w - Zielone Migda\u0142y","og_description":"Czarny serwis z kwiatowym dekorem wykonany w Zak\u0142adach Porcelitu Sto\u0142owego \"Pruszk\u00f3w\". Zestaw sk\u0142ada si\u0119 z dzbanka, mlecznika, cukiernicy, sze\u015bciu fili\u017canek ze spodkami.\u00a0","og_url":"https:\/\/zielone-migdaly.pl\/index.php\/produkt\/czarny-serwis-z-kwiatowym-dekorem-pruszkow\/","og_site_name":"Zielone Migda\u0142y","article_publisher":"https:\/\/www.facebook.com\/lubiezielonemigdaly","og_image":[{"width":500,"height":750,"url":"https:\/\/zielone-migdaly.pl\/wp-content\/uploads\/2026\/05\/zielone-migdaly-08-0341.jpg","type":"image\/jpeg"}],"twitter_card":"summary_large_image","schema":{"@context":"https:\/\/schema.org","@graph":[{"@type":"WebPage","@id":"https:\/\/zielone-migdaly.pl\/index.php\/produkt\/czarny-serwis-z-kwiatowym-dekorem-pruszkow\/","url":"https:\/\/zielone-migdaly.pl\/index.php\/produkt\/czarny-serwis-z-kwiatowym-dekorem-pruszkow\/","name":"Czarny serwis z kwiatowym dekorem - Pruszk\u00f3w - Zielone Migda\u0142y","isPartOf":{"@id":"https:\/\/zielone-migdaly.pl\/#website"},"primaryImageOfPage":{"@id":"https:\/\/zielone-migdaly.pl\/index.php\/produkt\/czarny-serwis-z-kwiatowym-dekorem-pruszkow\/#primaryimage"},"image":{"@id":"https:\/\/zielone-migdaly.pl\/index.php\/produkt\/czarny-serwis-z-kwiatowym-dekorem-pruszkow\/#primaryimage"},"thumbnailUrl":"https:\/\/zielone-migdaly.pl\/wp-content\/uploads\/2026\/05\/zielone-migdaly-08-0341.jpg","datePublished":"2026-05-07T08:37:05+00:00","dateModified":"2026-05-07T08:37:05+00:00","description":"Czarny serwis z kwiatowym dekorem wykonany w Zak\u0142adach Porcelitu Sto\u0142owego \"Pruszk\u00f3w\". Zestaw sk\u0142ada si\u0119 z dzbanka, mlecznika, cukiernicy, sze\u015bciu fili\u017canek ze spodkami.\u00a0","breadcrumb":{"@id":"https:\/\/zielone-migdaly.pl\/index.php\/produkt\/czarny-serwis-z-kwiatowym-dekorem-pruszkow\/#breadcrumb"},"inLanguage":"pl-PL","potentialAction":[{"@type":"ReadAction","target":["https:\/\/zielone-migdaly.pl\/index.php\/produkt\/czarny-serwis-z-kwiatowym-dekorem-pruszkow\/"]}]},{"@type":"ImageObject","inLanguage":"pl-PL","@id":"https:\/\/zielone-migdaly.pl\/index.php\/produkt\/czarny-serwis-z-kwiatowym-dekorem-pruszkow\/#primaryimage","url":"https:\/\/zielone-migdaly.pl\/wp-content\/uploads\/2026\/05\/zielone-migdaly-08-0341.jpg","contentUrl":"https:\/\/zielone-migdaly.pl\/wp-content\/uploads\/2026\/05\/zielone-migdaly-08-0341.jpg","width":500,"height":750},{"@type":"BreadcrumbList","@id":"https:\/\/zielone-migdaly.pl\/index.php\/produkt\/czarny-serwis-z-kwiatowym-dekorem-pruszkow\/#breadcrumb","itemListElement":[{"@type":"ListItem","position":1,"name":"Strona g\u0142\u00f3wna","item":"https:\/\/zielone-migdaly.pl\/"},{"@type":"ListItem","position":2,"name":"Sklep","item":"https:\/\/zielone-migdaly.pl\/index.php\/sklep\/"},{"@type":"ListItem","position":3,"name":"Czarny serwis z kwiatowym dekorem &#8211; Pruszk\u00f3w"}]},{"@type":"WebSite","@id":"https:\/\/zielone-migdaly.pl\/#website","url":"https:\/\/zielone-migdaly.pl\/","name":"Zielone Migda\u0142y","description":"Sklep Vintage","publisher":{"@id":"https:\/\/zielone-migdaly.pl\/#organization"},"potentialAction":[{"@type":"SearchAction","target":{"@type":"EntryPoint","urlTemplate":"https:\/\/zielone-migdaly.pl\/?s={search_term_string}"},"query-input":"required name=search_term_string"}],"inLanguage":"pl-PL"},{"@type":"Organization","@id":"https:\/\/zielone-migdaly.pl\/#organization","name":"Zielone Migda\u0142y","url":"https:\/\/zielone-migdaly.pl\/","logo":{"@type":"ImageObject","inLanguage":"pl-PL","@id":"https:\/\/zielone-migdaly.pl\/#\/schema\/logo\/image\/","url":"https:\/\/zielone-migdaly.pl\/wp-content\/uploads\/2021\/11\/Zielone-Migdaly-Logo-WEB-2.png","contentUrl":"https:\/\/zielone-migdaly.pl\/wp-content\/uploads\/2021\/11\/Zielone-Migdaly-Logo-WEB-2.png","width":500,"height":190,"caption":"Zielone Migda\u0142y"},"image":{"@id":"https:\/\/zielone-migdaly.pl\/#\/schema\/logo\/image\/"},"sameAs":["https:\/\/www.facebook.com\/lubiezielonemigdaly","https:\/\/www.instagram.com\/lubie_zielone_migdaly\/"]}]}},"_links":{"self":[{"href":"https:\/\/zielone-migdaly.pl\/index.php\/wp-json\/wp\/v2\/product\/23897"}],"collection":[{"href":"https:\/\/zielone-migdaly.pl\/index.php\/wp-json\/wp\/v2\/product"}],"about":[{"href":"https:\/\/zielone-migdaly.pl\/index.php\/wp-json\/wp\/v2\/types\/product"}],"wp:featuredmedia":[{"embeddable":true,"href":"https:\/\/zielone-migdaly.pl\/index.php\/wp-json\/wp\/v2\/media\/23885"}],"wp:attachment":[{"href":"https:\/\/zielone-migdaly.pl\/index.php\/wp-json\/wp\/v2\/media?parent=23897"}],"wp:term":[{"taxonomy":"product_cat","embeddable":true,"href":"https:\/\/zielone-migdaly.pl\/index.php\/wp-json\/wp\/v2\/product_cat?post=23897"},{"taxonomy":"product_tag","embeddable":true,"href":"https:\/\/zielone-migdaly.pl\/index.php\/wp-json\/wp\/v2\/product_tag?post=23897"}],"curies":[{"name":"wp","href":"https:\/\/api.w.org\/{rel}","templated":true}]}}