{"id":7996,"date":"2023-10-23T12:32:56","date_gmt":"2023-10-23T10:32:56","guid":{"rendered":"https:\/\/zielone-migdaly.pl\/?post_type=product&#038;p=7996"},"modified":"2025-01-22T20:55:14","modified_gmt":"2025-01-22T19:55:14","slug":"ceramiczna-patera-z-motywem-kwiatu","status":"publish","type":"product","link":"https:\/\/zielone-migdaly.pl\/index.php\/produkt\/ceramiczna-patera-z-motywem-kwiatu\/","title":{"rendered":"Ceramiczna patera z motywem kwiatu"},"content":{"rendered":"<p>Du\u017ca, ceramiczna patera z motywem kwiatu. Ceramika w kolorze r\u00f3\u017cowym, z czerwonym reliefem w kszta\u0142cie kwiatu.<\/p>\n<p><span data-sheets-value=\"{&quot;1&quot;:2,&quot;2&quot;:&quot;\u015arednica 38cm. Stan bardzo dobry, drobne wady z produkcji, sp\u0119kania szkliwa. &quot;}\" data-sheets-userformat=\"{&quot;2&quot;:12803,&quot;3&quot;:{&quot;1&quot;:0},&quot;4&quot;:{&quot;1&quot;:3,&quot;3&quot;:2},&quot;12&quot;:0,&quot;15&quot;:&quot;Arial&quot;,&quot;16&quot;:10}\">\u015arednica 38cm. <\/span><\/p>\n<p><span data-sheets-value=\"{&quot;1&quot;:2,&quot;2&quot;:&quot;\u015arednica 38cm. Stan bardzo dobry, drobne wady z produkcji, sp\u0119kania szkliwa. &quot;}\" data-sheets-userformat=\"{&quot;2&quot;:12803,&quot;3&quot;:{&quot;1&quot;:0},&quot;4&quot;:{&quot;1&quot;:3,&quot;3&quot;:2},&quot;12&quot;:0,&quot;15&quot;:&quot;Arial&quot;,&quot;16&quot;:10}\">Stan bardzo dobry, drobne wady z produkcji, sp\u0119kania szkliwa. <\/span><\/p>\n","protected":false},"excerpt":{"rendered":"<p>Du\u017ca, ceramiczna patera z motywem kwiatu. Ceramika w kolorze r\u00f3\u017cowym, z czerwonym reliefem w kszta\u0142cie kwiatu. \u015arednica 38cm. Stan bardzo dobry, drobne wady z produkcji, sp\u0119kania szkliwa.<\/p>\n","protected":false},"featured_media":7987,"template":"","meta":[],"product_cat":[52],"product_tag":[73,370,716,210,71,183,124],"yoast_head":"<!-- This site is optimized with the Yoast SEO plugin v23.0 - https:\/\/yoast.com\/wordpress\/plugins\/seo\/ -->\n<title>Ceramiczna patera z motywem kwiatu - Zielone Migda\u0142y<\/title>\n<meta name=\"description\" content=\"Ceramiczna patera z motywem kwiatu. Ceramika w kolorze r\u00f3\u017cowym, z czerwonym reliefem w kszta\u0142cie kwiatu. \u015arednica 38cm.\" \/>\n<meta name=\"robots\" content=\"index, follow, max-snippet:-1, max-image-preview:large, max-video-preview:-1\" \/>\n<link rel=\"canonical\" href=\"https:\/\/zielone-migdaly.pl\/index.php\/produkt\/ceramiczna-patera-z-motywem-kwiatu\/\" \/>\n<meta property=\"og:locale\" content=\"pl_PL\" \/>\n<meta property=\"og:type\" content=\"article\" \/>\n<meta property=\"og:title\" content=\"Ceramiczna patera z motywem kwiatu - Zielone Migda\u0142y\" \/>\n<meta property=\"og:description\" content=\"Ceramiczna patera z motywem kwiatu. Ceramika w kolorze r\u00f3\u017cowym, z czerwonym reliefem w kszta\u0142cie kwiatu. \u015arednica 38cm.\" \/>\n<meta property=\"og:url\" content=\"https:\/\/zielone-migdaly.pl\/index.php\/produkt\/ceramiczna-patera-z-motywem-kwiatu\/\" \/>\n<meta property=\"og:site_name\" content=\"Zielone Migda\u0142y\" \/>\n<meta property=\"article:publisher\" content=\"https:\/\/www.facebook.com\/lubiezielonemigdaly\" \/>\n<meta property=\"article:modified_time\" content=\"2025-01-22T19:55:14+00:00\" \/>\n<meta property=\"og:image\" content=\"https:\/\/zielone-migdaly.pl\/wp-content\/uploads\/2023\/10\/zielone-migdaly-mm162.jpg\" \/>\n\t<meta property=\"og:image:width\" content=\"500\" \/>\n\t<meta property=\"og:image:height\" content=\"750\" \/>\n\t<meta property=\"og:image:type\" content=\"image\/jpeg\" \/>\n<meta name=\"twitter:card\" content=\"summary_large_image\" \/>\n<script type=\"application\/ld+json\" class=\"yoast-schema-graph\">{\"@context\":\"https:\/\/schema.org\",\"@graph\":[{\"@type\":\"WebPage\",\"@id\":\"https:\/\/zielone-migdaly.pl\/index.php\/produkt\/ceramiczna-patera-z-motywem-kwiatu\/\",\"url\":\"https:\/\/zielone-migdaly.pl\/index.php\/produkt\/ceramiczna-patera-z-motywem-kwiatu\/\",\"name\":\"Ceramiczna patera z motywem kwiatu - Zielone Migda\u0142y\",\"isPartOf\":{\"@id\":\"https:\/\/zielone-migdaly.pl\/#website\"},\"primaryImageOfPage\":{\"@id\":\"https:\/\/zielone-migdaly.pl\/index.php\/produkt\/ceramiczna-patera-z-motywem-kwiatu\/#primaryimage\"},\"image\":{\"@id\":\"https:\/\/zielone-migdaly.pl\/index.php\/produkt\/ceramiczna-patera-z-motywem-kwiatu\/#primaryimage\"},\"thumbnailUrl\":\"https:\/\/zielone-migdaly.pl\/wp-content\/uploads\/2023\/10\/zielone-migdaly-mm162.jpg\",\"datePublished\":\"2023-10-23T10:32:56+00:00\",\"dateModified\":\"2025-01-22T19:55:14+00:00\",\"description\":\"Ceramiczna patera z motywem kwiatu. Ceramika w kolorze r\u00f3\u017cowym, z czerwonym reliefem w kszta\u0142cie kwiatu. \u015arednica 38cm.\",\"breadcrumb\":{\"@id\":\"https:\/\/zielone-migdaly.pl\/index.php\/produkt\/ceramiczna-patera-z-motywem-kwiatu\/#breadcrumb\"},\"inLanguage\":\"pl-PL\",\"potentialAction\":[{\"@type\":\"ReadAction\",\"target\":[\"https:\/\/zielone-migdaly.pl\/index.php\/produkt\/ceramiczna-patera-z-motywem-kwiatu\/\"]}]},{\"@type\":\"ImageObject\",\"inLanguage\":\"pl-PL\",\"@id\":\"https:\/\/zielone-migdaly.pl\/index.php\/produkt\/ceramiczna-patera-z-motywem-kwiatu\/#primaryimage\",\"url\":\"https:\/\/zielone-migdaly.pl\/wp-content\/uploads\/2023\/10\/zielone-migdaly-mm162.jpg\",\"contentUrl\":\"https:\/\/zielone-migdaly.pl\/wp-content\/uploads\/2023\/10\/zielone-migdaly-mm162.jpg\",\"width\":500,\"height\":750},{\"@type\":\"BreadcrumbList\",\"@id\":\"https:\/\/zielone-migdaly.pl\/index.php\/produkt\/ceramiczna-patera-z-motywem-kwiatu\/#breadcrumb\",\"itemListElement\":[{\"@type\":\"ListItem\",\"position\":1,\"name\":\"Strona g\u0142\u00f3wna\",\"item\":\"https:\/\/zielone-migdaly.pl\/\"},{\"@type\":\"ListItem\",\"position\":2,\"name\":\"Sklep\",\"item\":\"https:\/\/zielone-migdaly.pl\/index.php\/sklep\/\"},{\"@type\":\"ListItem\",\"position\":3,\"name\":\"Ceramiczna patera z motywem kwiatu\"}]},{\"@type\":\"WebSite\",\"@id\":\"https:\/\/zielone-migdaly.pl\/#website\",\"url\":\"https:\/\/zielone-migdaly.pl\/\",\"name\":\"Zielone Migda\u0142y\",\"description\":\"Sklep Vintage\",\"publisher\":{\"@id\":\"https:\/\/zielone-migdaly.pl\/#organization\"},\"potentialAction\":[{\"@type\":\"SearchAction\",\"target\":{\"@type\":\"EntryPoint\",\"urlTemplate\":\"https:\/\/zielone-migdaly.pl\/?s={search_term_string}\"},\"query-input\":\"required name=search_term_string\"}],\"inLanguage\":\"pl-PL\"},{\"@type\":\"Organization\",\"@id\":\"https:\/\/zielone-migdaly.pl\/#organization\",\"name\":\"Zielone Migda\u0142y\",\"url\":\"https:\/\/zielone-migdaly.pl\/\",\"logo\":{\"@type\":\"ImageObject\",\"inLanguage\":\"pl-PL\",\"@id\":\"https:\/\/zielone-migdaly.pl\/#\/schema\/logo\/image\/\",\"url\":\"https:\/\/zielone-migdaly.pl\/wp-content\/uploads\/2021\/11\/Zielone-Migdaly-Logo-WEB-2.png\",\"contentUrl\":\"https:\/\/zielone-migdaly.pl\/wp-content\/uploads\/2021\/11\/Zielone-Migdaly-Logo-WEB-2.png\",\"width\":500,\"height\":190,\"caption\":\"Zielone Migda\u0142y\"},\"image\":{\"@id\":\"https:\/\/zielone-migdaly.pl\/#\/schema\/logo\/image\/\"},\"sameAs\":[\"https:\/\/www.facebook.com\/lubiezielonemigdaly\",\"https:\/\/www.instagram.com\/lubie_zielone_migdaly\/\"]}]}<\/script>\n<!-- \/ Yoast SEO plugin. -->","yoast_head_json":{"title":"Ceramiczna patera z motywem kwiatu - Zielone Migda\u0142y","description":"Ceramiczna patera z motywem kwiatu. Ceramika w kolorze r\u00f3\u017cowym, z czerwonym reliefem w kszta\u0142cie kwiatu. \u015arednica 38cm.","robots":{"index":"index","follow":"follow","max-snippet":"max-snippet:-1","max-image-preview":"max-image-preview:large","max-video-preview":"max-video-preview:-1"},"canonical":"https:\/\/zielone-migdaly.pl\/index.php\/produkt\/ceramiczna-patera-z-motywem-kwiatu\/","og_locale":"pl_PL","og_type":"article","og_title":"Ceramiczna patera z motywem kwiatu - Zielone Migda\u0142y","og_description":"Ceramiczna patera z motywem kwiatu. Ceramika w kolorze r\u00f3\u017cowym, z czerwonym reliefem w kszta\u0142cie kwiatu. \u015arednica 38cm.","og_url":"https:\/\/zielone-migdaly.pl\/index.php\/produkt\/ceramiczna-patera-z-motywem-kwiatu\/","og_site_name":"Zielone Migda\u0142y","article_publisher":"https:\/\/www.facebook.com\/lubiezielonemigdaly","article_modified_time":"2025-01-22T19:55:14+00:00","og_image":[{"width":500,"height":750,"url":"https:\/\/zielone-migdaly.pl\/wp-content\/uploads\/2023\/10\/zielone-migdaly-mm162.jpg","type":"image\/jpeg"}],"twitter_card":"summary_large_image","schema":{"@context":"https:\/\/schema.org","@graph":[{"@type":"WebPage","@id":"https:\/\/zielone-migdaly.pl\/index.php\/produkt\/ceramiczna-patera-z-motywem-kwiatu\/","url":"https:\/\/zielone-migdaly.pl\/index.php\/produkt\/ceramiczna-patera-z-motywem-kwiatu\/","name":"Ceramiczna patera z motywem kwiatu - Zielone Migda\u0142y","isPartOf":{"@id":"https:\/\/zielone-migdaly.pl\/#website"},"primaryImageOfPage":{"@id":"https:\/\/zielone-migdaly.pl\/index.php\/produkt\/ceramiczna-patera-z-motywem-kwiatu\/#primaryimage"},"image":{"@id":"https:\/\/zielone-migdaly.pl\/index.php\/produkt\/ceramiczna-patera-z-motywem-kwiatu\/#primaryimage"},"thumbnailUrl":"https:\/\/zielone-migdaly.pl\/wp-content\/uploads\/2023\/10\/zielone-migdaly-mm162.jpg","datePublished":"2023-10-23T10:32:56+00:00","dateModified":"2025-01-22T19:55:14+00:00","description":"Ceramiczna patera z motywem kwiatu. Ceramika w kolorze r\u00f3\u017cowym, z czerwonym reliefem w kszta\u0142cie kwiatu. \u015arednica 38cm.","breadcrumb":{"@id":"https:\/\/zielone-migdaly.pl\/index.php\/produkt\/ceramiczna-patera-z-motywem-kwiatu\/#breadcrumb"},"inLanguage":"pl-PL","potentialAction":[{"@type":"ReadAction","target":["https:\/\/zielone-migdaly.pl\/index.php\/produkt\/ceramiczna-patera-z-motywem-kwiatu\/"]}]},{"@type":"ImageObject","inLanguage":"pl-PL","@id":"https:\/\/zielone-migdaly.pl\/index.php\/produkt\/ceramiczna-patera-z-motywem-kwiatu\/#primaryimage","url":"https:\/\/zielone-migdaly.pl\/wp-content\/uploads\/2023\/10\/zielone-migdaly-mm162.jpg","contentUrl":"https:\/\/zielone-migdaly.pl\/wp-content\/uploads\/2023\/10\/zielone-migdaly-mm162.jpg","width":500,"height":750},{"@type":"BreadcrumbList","@id":"https:\/\/zielone-migdaly.pl\/index.php\/produkt\/ceramiczna-patera-z-motywem-kwiatu\/#breadcrumb","itemListElement":[{"@type":"ListItem","position":1,"name":"Strona g\u0142\u00f3wna","item":"https:\/\/zielone-migdaly.pl\/"},{"@type":"ListItem","position":2,"name":"Sklep","item":"https:\/\/zielone-migdaly.pl\/index.php\/sklep\/"},{"@type":"ListItem","position":3,"name":"Ceramiczna patera z motywem kwiatu"}]},{"@type":"WebSite","@id":"https:\/\/zielone-migdaly.pl\/#website","url":"https:\/\/zielone-migdaly.pl\/","name":"Zielone Migda\u0142y","description":"Sklep Vintage","publisher":{"@id":"https:\/\/zielone-migdaly.pl\/#organization"},"potentialAction":[{"@type":"SearchAction","target":{"@type":"EntryPoint","urlTemplate":"https:\/\/zielone-migdaly.pl\/?s={search_term_string}"},"query-input":"required name=search_term_string"}],"inLanguage":"pl-PL"},{"@type":"Organization","@id":"https:\/\/zielone-migdaly.pl\/#organization","name":"Zielone Migda\u0142y","url":"https:\/\/zielone-migdaly.pl\/","logo":{"@type":"ImageObject","inLanguage":"pl-PL","@id":"https:\/\/zielone-migdaly.pl\/#\/schema\/logo\/image\/","url":"https:\/\/zielone-migdaly.pl\/wp-content\/uploads\/2021\/11\/Zielone-Migdaly-Logo-WEB-2.png","contentUrl":"https:\/\/zielone-migdaly.pl\/wp-content\/uploads\/2021\/11\/Zielone-Migdaly-Logo-WEB-2.png","width":500,"height":190,"caption":"Zielone Migda\u0142y"},"image":{"@id":"https:\/\/zielone-migdaly.pl\/#\/schema\/logo\/image\/"},"sameAs":["https:\/\/www.facebook.com\/lubiezielonemigdaly","https:\/\/www.instagram.com\/lubie_zielone_migdaly\/"]}]}},"_links":{"self":[{"href":"https:\/\/zielone-migdaly.pl\/index.php\/wp-json\/wp\/v2\/product\/7996"}],"collection":[{"href":"https:\/\/zielone-migdaly.pl\/index.php\/wp-json\/wp\/v2\/product"}],"about":[{"href":"https:\/\/zielone-migdaly.pl\/index.php\/wp-json\/wp\/v2\/types\/product"}],"wp:featuredmedia":[{"embeddable":true,"href":"https:\/\/zielone-migdaly.pl\/index.php\/wp-json\/wp\/v2\/media\/7987"}],"wp:attachment":[{"href":"https:\/\/zielone-migdaly.pl\/index.php\/wp-json\/wp\/v2\/media?parent=7996"}],"wp:term":[{"taxonomy":"product_cat","embeddable":true,"href":"https:\/\/zielone-migdaly.pl\/index.php\/wp-json\/wp\/v2\/product_cat?post=7996"},{"taxonomy":"product_tag","embeddable":true,"href":"https:\/\/zielone-migdaly.pl\/index.php\/wp-json\/wp\/v2\/product_tag?post=7996"}],"curies":[{"name":"wp","href":"https:\/\/api.w.org\/{rel}","templated":true}]}}

<p>Duża, ceramiczna patera z motywem kwiatu. Ceramika w kolorze różowym, z czerwonym reliefem w kształcie kwiatu.</p>
<p><span data-sheets-value="{&quot;1&quot;:2,&quot;2&quot;:&quot;Średnica 38cm. Stan bardzo dobry, drobne wady z produkcji, spękania szkliwa. &quot;}" data-sheets-userformat="{&quot;2&quot;:12803,&quot;3&quot;:{&quot;1&quot;:0},&quot;4&quot;:{&quot;1&quot;:3,&quot;3&quot;:2},&quot;12&quot;:0,&quot;15&quot;:&quot;Arial&quot;,&quot;16&quot;:10}">Średnica 38cm. </span></p>
<p><span data-sheets-value="{&quot;1&quot;:2,&quot;2&quot;:&quot;Średnica 38cm. Stan bardzo dobry, drobne wady z produkcji, spękania szkliwa. &quot;}" data-sheets-userformat="{&quot;2&quot;:12803,&quot;3&quot;:{&quot;1&quot;:0},&quot;4&quot;:{&quot;1&quot;:3,&quot;3&quot;:2},&quot;12&quot;:0,&quot;15&quot;:&quot;Arial&quot;,&quot;16&quot;:10}">Stan bardzo dobry, drobne wady z produkcji, spękania szkliwa. </span></p>

<p>Duża, ceramiczna patera z motywem kwiatu. Ceramika w kolorze różowym, z czerwonym reliefem w kształcie kwiatu. Średnica 38cm. Stan bardzo dobry, drobne wady z produkcji, spękania szkliwa.</p>

<!-- This site is optimized with the Yoast SEO plugin v23.0 - https://yoast.com/wordpress/plugins/seo/ -->
<title>Ceramiczna patera z motywem kwiatu - Zielone Migdały</title>
<meta name="description" content="Ceramiczna patera z motywem kwiatu. Ceramika w kolorze różowym, z czerwonym reliefem w kształcie kwiatu. Średnica 38cm." />
<meta name="robots" content="index, follow, max-snippet:-1, max-image-preview:large, max-video-preview:-1" />
<link rel="canonical" href="https://zielone-migdaly.pl/index.php/produkt/ceramiczna-patera-z-motywem-kwiatu/" />
<meta property="og:locale" content="pl_PL" />
<meta property="og:type" content="article" />
<meta property="og:title" content="Ceramiczna patera z motywem kwiatu - Zielone Migdały" />
<meta property="og:description" content="Ceramiczna patera z motywem kwiatu. Ceramika w kolorze różowym, z czerwonym reliefem w kształcie kwiatu. Średnica 38cm." />
<meta property="og:url" content="https://zielone-migdaly.pl/index.php/produkt/ceramiczna-patera-z-motywem-kwiatu/" />
<meta property="og:site_name" content="Zielone Migdały" />
<meta property="article:publisher" content="https://www.facebook.com/lubiezielonemigdaly" />
<meta property="article:modified_time" content="2025-01-22T19:55:14+00:00" />
<meta property="og:image" content="https://zielone-migdaly.pl/wp-content/uploads/2023/10/zielone-migdaly-mm162.jpg" />
	<meta property="og:image:width" content="500" />
	<meta property="og:image:height" content="750" />
	<meta property="og:image:type" content="image/jpeg" />
<meta name="twitter:card" content="summary_large_image" />
<script type="application/ld+json" class="yoast-schema-graph">{"@context":"https://schema.org","@graph":[{"@type":"WebPage","@id":"https://zielone-migdaly.pl/index.php/produkt/ceramiczna-patera-z-motywem-kwiatu/","url":"https://zielone-migdaly.pl/index.php/produkt/ceramiczna-patera-z-motywem-kwiatu/","name":"Ceramiczna patera z motywem kwiatu - Zielone Migdały","isPartOf":{"@id":"https://zielone-migdaly.pl/#website"},"primaryImageOfPage":{"@id":"https://zielone-migdaly.pl/index.php/produkt/ceramiczna-patera-z-motywem-kwiatu/#primaryimage"},"image":{"@id":"https://zielone-migdaly.pl/index.php/produkt/ceramiczna-patera-z-motywem-kwiatu/#primaryimage"},"thumbnailUrl":"https://zielone-migdaly.pl/wp-content/uploads/2023/10/zielone-migdaly-mm162.jpg","datePublished":"2023-10-23T10:32:56+00:00","dateModified":"2025-01-22T19:55:14+00:00","description":"Ceramiczna patera z motywem kwiatu. Ceramika w kolorze różowym, z czerwonym reliefem w kształcie kwiatu. Średnica 38cm.","breadcrumb":{"@id":"https://zielone-migdaly.pl/index.php/produkt/ceramiczna-patera-z-motywem-kwiatu/#breadcrumb"},"inLanguage":"pl-PL","potentialAction":[{"@type":"ReadAction","target":["https://zielone-migdaly.pl/index.php/produkt/ceramiczna-patera-z-motywem-kwiatu/"]}]},{"@type":"ImageObject","inLanguage":"pl-PL","@id":"https://zielone-migdaly.pl/index.php/produkt/ceramiczna-patera-z-motywem-kwiatu/#primaryimage","url":"https://zielone-migdaly.pl/wp-content/uploads/2023/10/zielone-migdaly-mm162.jpg","contentUrl":"https://zielone-migdaly.pl/wp-content/uploads/2023/10/zielone-migdaly-mm162.jpg","width":500,"height":750},{"@type":"BreadcrumbList","@id":"https://zielone-migdaly.pl/index.php/produkt/ceramiczna-patera-z-motywem-kwiatu/#breadcrumb","itemListElement":[{"@type":"ListItem","position":1,"name":"Strona główna","item":"https://zielone-migdaly.pl/"},{"@type":"ListItem","position":2,"name":"Sklep","item":"https://zielone-migdaly.pl/index.php/sklep/"},{"@type":"ListItem","position":3,"name":"Ceramiczna patera z motywem kwiatu"}]},{"@type":"WebSite","@id":"https://zielone-migdaly.pl/#website","url":"https://zielone-migdaly.pl/","name":"Zielone Migdały","description":"Sklep Vintage","publisher":{"@id":"https://zielone-migdaly.pl/#organization"},"potentialAction":[{"@type":"SearchAction","target":{"@type":"EntryPoint","urlTemplate":"https://zielone-migdaly.pl/?s={search_term_string}"},"query-input":"required name=search_term_string"}],"inLanguage":"pl-PL"},{"@type":"Organization","@id":"https://zielone-migdaly.pl/#organization","name":"Zielone Migdały","url":"https://zielone-migdaly.pl/","logo":{"@type":"ImageObject","inLanguage":"pl-PL","@id":"https://zielone-migdaly.pl/#/schema/logo/image/","url":"https://zielone-migdaly.pl/wp-content/uploads/2021/11/Zielone-Migdaly-Logo-WEB-2.png","contentUrl":"https://zielone-migdaly.pl/wp-content/uploads/2021/11/Zielone-Migdaly-Logo-WEB-2.png","width":500,"height":190,"caption":"Zielone Migdały"},"image":{"@id":"https://zielone-migdaly.pl/#/schema/logo/image/"},"sameAs":["https://www.facebook.com/lubiezielonemigdaly","https://www.instagram.com/lubie_zielone_migdaly/"]}]}</script>
<!-- / Yoast SEO plugin. -->

Ceramiczna patera z motywem kwiatu - Zielone Migdały

Ceramiczna patera z motywem kwiatu. Ceramika w kolorze różowym, z czerwonym reliefem w kształcie kwiatu. Średnica 38cm.

Zielone Migdały

Strona główna
